Last updated on 2025-10-23 17:50:53 CEST.
Flavor | Version | Tinstall | Tcheck | Ttotal | Status | Flags |
---|---|---|---|---|---|---|
r-devel-linux-x86_64-debian-clang | 4.8.3 | 446.61 | 257.90 | 704.51 | NOTE | |
r-devel-linux-x86_64-debian-gcc | 4.8.4 | 317.27 | 166.83 | 484.10 | OK | |
r-devel-linux-x86_64-fedora-clang | 4.8.4 | 144.00 | 928.09 | 1072.09 | OK | |
r-devel-linux-x86_64-fedora-gcc | 4.8.4 | 296.00 | 1005.31 | 1301.31 | OK | |
r-devel-windows-x86_64 | 4.8.3 | 347.00 | 351.00 | 698.00 | OK | |
r-patched-linux-x86_64 | 4.8.3 | 405.34 | 244.81 | 650.15 | OK | |
r-release-linux-x86_64 | 4.8.3 | 388.31 | 244.49 | 632.80 | OK | |
r-release-macos-arm64 | 4.8.4 | 126.00 | 62.00 | 188.00 | OK | |
r-release-macos-x86_64 | 4.8.4 | 99.00 | 150.00 | 249.00 | OK | |
r-release-windows-x86_64 | 4.8.3 | 338.00 | 390.00 | 728.00 | OK | |
r-oldrel-macos-arm64 | 4.8.4 | 127.00 | 66.00 | 193.00 | NOTE | |
r-oldrel-macos-x86_64 | 4.8.4 | 111.00 | 185.00 | 296.00 | NOTE | |
r-oldrel-windows-x86_64 | 4.8.3 | 464.00 | 426.00 | 890.00 | NOTE |
Version: 4.8.3
Check: HTML version of manual
Result: NOTE
Found the following HTML validation problems:
communication.html:141:1 (communication.Rd:91): Warning: missing </ul> before </div>
Flavor: r-devel-linux-x86_64-debian-clang
Version: 4.8.4
Check: installed package size
Result: NOTE
installed size is 52.8Mb
sub-directories of 1Mb or more:
libs 51.5Mb
Flavors: r-oldrel-macos-arm64, r-oldrel-macos-x86_64
Version: 4.8.3
Check: installed package size
Result: NOTE
installed size is 5.7Mb
sub-directories of 1Mb or more:
libs 4.4Mb
Flavor: r-oldrel-windows-x86_64
These binaries (installable software) and packages are in development.
They may not be fully stable and should be used with caution. We make no claims about them.