Last updated on 2025-05-21 21:49:22 CEST.
Flavor | Version | Tinstall | Tcheck | Ttotal | Status | Flags |
---|---|---|---|---|---|---|
r-devel-linux-x86_64-debian-clang | 4.8.1 | 457.95 | 186.71 | 644.66 | OK | |
r-devel-linux-x86_64-debian-gcc | 4.8.1 | 299.78 | 121.55 | 421.33 | OK | |
r-devel-linux-x86_64-fedora-clang | 4.8.1 | 1051.78 | OK | |||
r-devel-linux-x86_64-fedora-gcc | 4.8.1 | 1277.89 | OK | |||
r-devel-windows-x86_64 | 4.8.1 | 349.00 | 287.00 | 636.00 | OK | |
r-patched-linux-x86_64 | 4.8.1 | 392.63 | 177.84 | 570.47 | OK | |
r-release-linux-x86_64 | 4.8.1 | 390.56 | 177.38 | 567.94 | OK | |
r-release-macos-arm64 | 4.8.1 | 158.00 | OK | |||
r-release-macos-x86_64 | 4.8.1 | 202.00 | OK | |||
r-release-windows-x86_64 | 4.8.1 | 345.00 | 264.00 | 609.00 | OK | |
r-oldrel-macos-arm64 | 4.8.1 | 183.00 | NOTE | |||
r-oldrel-macos-x86_64 | 4.8.1 | 201.00 | NOTE | |||
r-oldrel-windows-x86_64 | 4.8.1 | 455.00 | 370.00 | 825.00 | NOTE |
Version: 4.8.1
Check: installed package size
Result: NOTE
installed size is 52.8Mb
sub-directories of 1Mb or more:
libs 51.5Mb
Flavors: r-oldrel-macos-arm64, r-oldrel-macos-x86_64, r-oldrel-windows-x86_64
These binaries (installable software) and packages are in development.
They may not be fully stable and should be used with caution. We make no claims about them.