Last updated on 2025-07-24 21:49:49 CEST.
Flavor | Version | Tinstall | Tcheck | Ttotal | Status | Flags |
---|---|---|---|---|---|---|
r-devel-linux-x86_64-debian-clang | 4.8.1 | 455.09 | 189.74 | 644.83 | OK | |
r-devel-linux-x86_64-debian-gcc | 4.8.1 | 297.76 | 121.29 | 419.05 | OK | |
r-devel-linux-x86_64-fedora-clang | 4.8.1 | 1008.90 | OK | |||
r-devel-linux-x86_64-fedora-gcc | 4.8.1 | 1162.46 | OK | |||
r-devel-windows-x86_64 | 4.8.1 | 338.00 | 278.00 | 616.00 | OK | |
r-patched-linux-x86_64 | 4.8.1 | 398.34 | 177.95 | 576.29 | OK | |
r-release-linux-x86_64 | 4.8.1 | 398.41 | 179.00 | 577.41 | OK | |
r-release-macos-arm64 | 4.8.1 | 158.00 | OK | |||
r-release-macos-x86_64 | 4.8.1 | 202.00 | OK | |||
r-release-windows-x86_64 | 4.8.1 | 340.00 | 261.00 | 601.00 | OK | |
r-oldrel-macos-arm64 | 4.8.1 | 183.00 | NOTE | |||
r-oldrel-macos-x86_64 | 4.8.1 | 201.00 | NOTE | |||
r-oldrel-windows-x86_64 | 4.8.1 | 459.00 | 325.00 | 784.00 | NOTE |
Version: 4.8.1
Check: installed package size
Result: NOTE
installed size is 52.8Mb
sub-directories of 1Mb or more:
libs 51.5Mb
Flavors: r-oldrel-macos-arm64, r-oldrel-macos-x86_64, r-oldrel-windows-x86_64
These binaries (installable software) and packages are in development.
They may not be fully stable and should be used with caution. We make no claims about them.