Last updated on 2025-11-13 21:50:01 CET.
| Flavor | Version | Tinstall | Tcheck | Ttotal | Status | Flags |
|---|---|---|---|---|---|---|
| r-devel-linux-x86_64-debian-clang | 4.8.4 | 449.25 | 263.75 | 713.00 | OK | |
| r-devel-linux-x86_64-debian-gcc | 4.8.4 | 317.23 | 166.16 | 483.39 | OK | |
| r-devel-linux-x86_64-fedora-clang | 4.8.4 | 900.00 | 246.05 | 1146.05 | OK | |
| r-devel-linux-x86_64-fedora-gcc | 4.8.4 | 840.00 | 474.73 | 1314.73 | OK | |
| r-devel-windows-x86_64 | 4.8.4 | 348.00 | 355.00 | 703.00 | OK | |
| r-patched-linux-x86_64 | 4.8.4 | 405.22 | 250.95 | 656.17 | OK | |
| r-release-linux-x86_64 | 4.8.4 | 384.33 | 248.86 | 633.19 | OK | |
| r-release-macos-arm64 | 4.8.4 | 126.00 | 62.00 | 188.00 | OK | |
| r-release-macos-x86_64 | 4.8.4 | 99.00 | 150.00 | 249.00 | OK | |
| r-release-windows-x86_64 | 4.8.4 | 327.00 | 347.00 | 674.00 | OK | |
| r-oldrel-macos-arm64 | 4.8.4 | 127.00 | 66.00 | 193.00 | NOTE | |
| r-oldrel-macos-x86_64 | 4.8.4 | 111.00 | 185.00 | 296.00 | NOTE | |
| r-oldrel-windows-x86_64 | 4.8.4 | 465.00 | 419.00 | 884.00 | NOTE |
Version: 4.8.4
Check: installed package size
Result: NOTE
installed size is 52.8Mb
sub-directories of 1Mb or more:
libs 51.5Mb
Flavors: r-oldrel-macos-arm64, r-oldrel-macos-x86_64, r-oldrel-windows-x86_64
These binaries (installable software) and packages are in development.
They may not be fully stable and should be used with caution. We make no claims about them.