Last updated on 2025-02-07 05:50:45 CET.
Flavor | Version | Tinstall | Tcheck | Ttotal | Status | Flags |
---|---|---|---|---|---|---|
r-devel-linux-x86_64-debian-clang | 4.8.0 | 456.77 | 173.58 | 630.35 | OK | |
r-devel-linux-x86_64-debian-gcc | 4.8.0 | 294.86 | 111.93 | 406.79 | OK | |
r-devel-linux-x86_64-fedora-clang | 4.8.0 | 908.22 | OK | |||
r-devel-linux-x86_64-fedora-gcc | 4.8.0 | 1100.27 | OK | |||
r-devel-windows-x86_64 | 4.8.0 | 334.00 | 258.00 | 592.00 | OK | |
r-patched-linux-x86_64 | 4.8.0 | 405.44 | 163.14 | 568.58 | OK | |
r-release-linux-x86_64 | 4.8.0 | 405.67 | 164.93 | 570.60 | OK | |
r-release-macos-arm64 | 4.8.0 | 187.00 | NOTE | |||
r-release-macos-x86_64 | 4.8.0 | 222.00 | NOTE | |||
r-release-windows-x86_64 | 4.8.0 | 329.00 | 265.00 | 594.00 | NOTE | |
r-oldrel-macos-arm64 | 4.7.0 | 204.00 | NOTE | |||
r-oldrel-macos-x86_64 | 4.7.0 | 174.00 | NOTE | |||
r-oldrel-windows-x86_64 | 4.8.0 | 431.00 | 311.00 | 742.00 | NOTE |
Version: 4.8.0
Check: installed package size
Result: NOTE
installed size is 52.7Mb
sub-directories of 1Mb or more:
libs 51.4Mb
Flavors: r-release-macos-arm64, r-release-macos-x86_64, r-release-windows-x86_64, r-oldrel-windows-x86_64
Version: 4.7.0
Check: installed package size
Result: NOTE
installed size is 50.4Mb
sub-directories of 1Mb or more:
libs 49.1Mb
Flavors: r-oldrel-macos-arm64, r-oldrel-macos-x86_64
These binaries (installable software) and packages are in development.
They may not be fully stable and should be used with caution. We make no claims about them.