Last updated on 2025-02-16 08:50:54 CET.
Flavor | Version | Tinstall | Tcheck | Ttotal | Status | Flags |
---|---|---|---|---|---|---|
r-devel-linux-x86_64-debian-clang | 4.5.0 | 21.74 | 253.10 | 274.84 | NOTE | |
r-devel-linux-x86_64-debian-gcc | 4.5.0 | 15.20 | 166.38 | 181.58 | NOTE | |
r-devel-linux-x86_64-fedora-clang | 4.5.0 | 470.21 | OK | |||
r-devel-linux-x86_64-fedora-gcc | 4.5.0 | 496.50 | OK | |||
r-devel-macos-arm64 | 4.5.0 | 135.00 | OK | |||
r-devel-macos-x86_64 | 4.5.0 | 315.00 | OK | |||
r-devel-windows-x86_64 | 4.5.0 | 21.00 | 330.00 | 351.00 | NOTE | |
r-patched-linux-x86_64 | 4.5.0 | 24.08 | 240.88 | 264.96 | OK | |
r-release-linux-x86_64 | 4.5.0 | 20.93 | 240.06 | 260.99 | OK | |
r-release-macos-arm64 | 4.5.0 | 126.00 | OK | |||
r-release-macos-x86_64 | 4.5.0 | 213.00 | OK | |||
r-release-windows-x86_64 | 4.5.0 | 24.00 | 332.00 | 356.00 | OK | |
r-oldrel-macos-arm64 | 4.5.0 | 186.00 | OK | |||
r-oldrel-macos-x86_64 | 4.5.0 | 316.00 | OK | |||
r-oldrel-windows-x86_64 | 4.5.0 | 31.00 | 389.00 | 420.00 | OK |
Version: 4.5.0
Check: Rd cross-references
Result: NOTE
Found the following Rd file(s) with Rd \link{} targets missing package
anchors:
mediate.Rd: survreg, Surv, mgcv, s
Please provide package anchors for all Rd \link{} targets not in the
package itself and the base packages.
Flavors: r-devel-linux-x86_64-debian-clang, r-devel-linux-x86_64-debian-gcc, r-devel-windows-x86_64
These binaries (installable software) and packages are in development.
They may not be fully stable and should be used with caution. We make no claims about them.