Last updated on 2025-05-22 06:51:50 CEST.
Flavor | Version | Tinstall | Tcheck | Ttotal | Status | Flags |
---|---|---|---|---|---|---|
r-devel-linux-x86_64-debian-clang | 0.0.3 | 19.39 | 127.20 | 146.59 | NOTE | |
r-devel-linux-x86_64-debian-gcc | 0.0.3 | 13.41 | 91.31 | 104.72 | NOTE | |
r-devel-linux-x86_64-fedora-clang | 0.0.3 | 238.73 | OK | |||
r-devel-linux-x86_64-fedora-gcc | 0.0.3 | 231.68 | OK | |||
r-devel-windows-x86_64 | 0.0.3 | 19.00 | 142.00 | 161.00 | OK | |
r-patched-linux-x86_64 | 0.0.3 | 18.50 | 122.02 | 140.52 | OK | |
r-release-linux-x86_64 | 0.0.3 | 17.29 | 120.87 | 138.16 | OK | |
r-release-macos-arm64 | 0.0.3 | 67.00 | OK | |||
r-release-macos-x86_64 | 0.0.3 | 105.00 | OK | |||
r-release-windows-x86_64 | 0.0.3 | 19.00 | 155.00 | 174.00 | OK | |
r-oldrel-macos-arm64 | 0.0.3 | 59.00 | OK | |||
r-oldrel-macos-x86_64 | 0.0.3 | 107.00 | OK | |||
r-oldrel-windows-x86_64 | 0.0.3 | 26.00 | 154.00 | 180.00 | OK |
Version: 0.0.3
Check: CRAN incoming feasibility
Result: NOTE
Maintainer: ‘Xu Qin <xuqin@pitt.edu>’
No Authors@R field in DESCRIPTION.
Please add one, modifying
Authors@R: c(person(given = "Xu",
family = "Qin",
role = c("aut", "cre"),
email = "xuqin@pitt.edu"),
person(given = "Fan",
family = "Yang",
role = "aut"))
as necessary.
Flavors: r-devel-linux-x86_64-debian-clang, r-devel-linux-x86_64-debian-gcc
These binaries (installable software) and packages are in development.
They may not be fully stable and should be used with caution. We make no claims about them.