CRAN Package Check Results for Package meifly

Last updated on 2025-05-08 04:52:10 CEST.

Flavor Version Tinstall Tcheck Ttotal Status Flags
r-devel-linux-x86_64-debian-clang 0.3.1 2.38 23.49 25.87 NOTE
r-devel-linux-x86_64-debian-gcc 0.3.1 1.81 19.13 20.94 NOTE
r-devel-linux-x86_64-fedora-clang 0.3.1 40.25 OK
r-devel-linux-x86_64-fedora-gcc 0.3.1 39.48 OK
r-devel-windows-x86_64 0.3.1 3.00 45.00 48.00 OK
r-patched-linux-x86_64 0.3.1 2.42 22.74 25.16 OK
r-release-linux-x86_64 0.3.1 2.39 22.87 25.26 OK
r-release-macos-arm64 0.3.1 28.00 OK
r-release-macos-x86_64 0.3.1 28.00 OK
r-release-windows-x86_64 0.3.1 4.00 45.00 49.00 OK
r-oldrel-macos-arm64 0.3.1 16.00 OK
r-oldrel-macos-x86_64 0.3.1 23.00 OK
r-oldrel-windows-x86_64 0.3.1 3.00 50.00 53.00 OK

Check Details

Version: 0.3.1
Check: CRAN incoming feasibility
Result: NOTE Maintainer: ‘Hadley Wickham <h.wickham@gmail.com>’ No Authors@R field in DESCRIPTION. Please add one, modifying Authors@R: person(given = "Hadley", family = "Wickham", role = c("aut", "cre"), email = "h.wickham@gmail.com") as necessary. Flavors: r-devel-linux-x86_64-debian-clang, r-devel-linux-x86_64-debian-gcc

These binaries (installable software) and packages are in development.
They may not be fully stable and should be used with caution. We make no claims about them.