Last updated on 2024-07-27 15:50:25 CEST.
Flavor | Version | Tinstall | Tcheck | Ttotal | Status | Flags |
---|---|---|---|---|---|---|
r-devel-linux-x86_64-debian-clang | 1.11.4 | 365.26 | 518.28 | 883.54 | OK | |
r-devel-linux-x86_64-debian-gcc | 1.11.4 | OK | ||||
r-devel-linux-x86_64-fedora-clang | 1.11.4 | 1165.32 | OK | |||
r-devel-linux-x86_64-fedora-gcc | 1.11.4 | 1256.60 | OK | |||
r-devel-windows-x86_64 | 1.11.4 | 260.00 | 588.00 | 848.00 | OK | |
r-patched-linux-x86_64 | 1.11.4 | OK | ||||
r-release-linux-x86_64 | 1.11.4 | 317.42 | 550.74 | 868.16 | OK | |
r-release-macos-arm64 | 1.11.4 | 336.00 | NOTE | |||
r-release-macos-x86_64 | 1.11.4 | 387.00 | WARN | |||
r-release-windows-x86_64 | 1.11.4 | 290.00 | 593.00 | 883.00 | OK | |
r-oldrel-macos-arm64 | 1.11.4 | 317.00 | NOTE | |||
r-oldrel-macos-x86_64 | 1.11.4 | 664.00 | NOTE | |||
r-oldrel-windows-x86_64 | 1.11.4 | 313.00 | 624.00 | 937.00 | OK |
Version: 1.11.4
Check: installed package size
Result: NOTE
installed size is 155.5Mb
sub-directories of 1Mb or more:
libs 154.0Mb
Flavors: r-release-macos-arm64, r-release-macos-x86_64, r-oldrel-macos-arm64, r-oldrel-macos-x86_64
Version: 1.11.4
Check: re-building of vignette outputs
Result: WARN
Error(s) in re-building vignettes:
--- re-building ‘model.Rmd’ using rmarkdown
--- finished re-building ‘model.Rmd’
--- re-building ‘performance.Rmd’ using rmarkdown
--- finished re-building ‘performance.Rmd’
--- re-building ‘article.Rnw’ using knitr
Error: processing vignette 'article.Rnw' failed with diagnostics:
Running 'texi2dvi' on 'article.tex' failed.
LaTeX errors:
! Undefined control sequence.
l.914 \hlkwd{library}\hldef
{(}\hlsng{"melt"}\hldef{)}
?
! Emergency stop.
! Emergency stop.
l.914
End of file on the terminal!
! ==> Fatal error occurred, no output PDF file produced!
--- failed re-building ‘article.Rnw’
SUMMARY: processing the following file failed:
‘article.Rnw’
Error: Vignette re-building failed.
Execution halted
Flavor: r-release-macos-x86_64
These binaries (installable software) and packages are in development.
They may not be fully stable and should be used with caution. We make no claims about them.