Last updated on 2025-10-23 11:50:19 CEST.
Flavor | Version | Tinstall | Tcheck | Ttotal | Status | Flags |
---|---|---|---|---|---|---|
r-devel-linux-x86_64-debian-clang | 1.11.4 | 269.47 | 379.21 | 648.68 | OK | |
r-devel-linux-x86_64-debian-gcc | 1.11.4 | 210.60 | 271.01 | 481.61 | OK | |
r-devel-linux-x86_64-fedora-clang | 1.11.4 | 780.00 | 392.38 | 1172.38 | OK | |
r-devel-linux-x86_64-fedora-gcc | 1.11.4 | 960.00 | 297.95 | 1257.95 | OK | |
r-devel-windows-x86_64 | 1.11.4 | 261.00 | 592.00 | 853.00 | OK | |
r-patched-linux-x86_64 | 1.11.4 | 293.05 | 395.84 | 688.89 | OK | |
r-release-linux-x86_64 | 1.11.4 | 291.83 | 392.49 | 684.32 | OK | |
r-release-macos-arm64 | 1.11.4 | 117.00 | 211.00 | 328.00 | OK | |
r-release-macos-x86_64 | 1.11.4 | 90.00 | 429.00 | 519.00 | OK | |
r-release-windows-x86_64 | 1.11.4 | 266.00 | 591.00 | 857.00 | OK | |
r-oldrel-macos-arm64 | 1.11.4 | 122.00 | 214.00 | 336.00 | NOTE | |
r-oldrel-macos-x86_64 | 1.11.4 | 126.00 | 569.00 | 695.00 | NOTE | |
r-oldrel-windows-x86_64 | 1.11.4 | 320.00 | 668.00 | 988.00 | OK |
Version: 1.11.4
Check: installed package size
Result: NOTE
installed size is 155.5Mb
sub-directories of 1Mb or more:
libs 154.0Mb
Flavors: r-oldrel-macos-arm64, r-oldrel-macos-x86_64
These binaries (installable software) and packages are in development.
They may not be fully stable and should be used with caution. We make no claims about them.