Last updated on 2025-11-12 19:51:54 CET.
| Flavor | Version | Tinstall | Tcheck | Ttotal | Status | Flags |
|---|---|---|---|---|---|---|
| r-devel-linux-x86_64-debian-clang | 1.11.4 | 277.99 | 377.00 | 654.99 | OK | |
| r-devel-linux-x86_64-debian-gcc | 1.11.4 | 210.39 | 269.26 | 479.65 | OK | |
| r-devel-linux-x86_64-fedora-clang | 1.11.4 | 349.00 | 770.56 | 1119.56 | OK | |
| r-devel-linux-x86_64-fedora-gcc | 1.11.4 | 413.00 | 787.58 | 1200.58 | OK | |
| r-devel-windows-x86_64 | 1.11.4 | 263.00 | 592.00 | 855.00 | OK | |
| r-patched-linux-x86_64 | 1.11.4 | 291.87 | 394.06 | 685.93 | OK | |
| r-release-linux-x86_64 | 1.11.4 | 304.14 | 392.59 | 696.73 | OK | |
| r-release-macos-arm64 | 1.11.4 | 117.00 | 211.00 | 328.00 | OK | |
| r-release-macos-x86_64 | 1.11.4 | 90.00 | 429.00 | 519.00 | OK | |
| r-release-windows-x86_64 | 1.11.4 | 261.00 | 576.00 | 837.00 | OK | |
| r-oldrel-macos-arm64 | 1.11.4 | 122.00 | 214.00 | 336.00 | NOTE | |
| r-oldrel-macos-x86_64 | 1.11.4 | 126.00 | 569.00 | 695.00 | NOTE | |
| r-oldrel-windows-x86_64 | 1.11.4 | 314.00 | 662.00 | 976.00 | OK |
Version: 1.11.4
Check: installed package size
Result: NOTE
installed size is 155.5Mb
sub-directories of 1Mb or more:
libs 154.0Mb
Flavors: r-oldrel-macos-arm64, r-oldrel-macos-x86_64
These binaries (installable software) and packages are in development.
They may not be fully stable and should be used with caution. We make no claims about them.