CRAN Package Check Results for Package melt

Last updated on 2025-05-25 21:48:40 CEST.

Flavor Version Tinstall Tcheck Ttotal Status Flags
r-devel-linux-x86_64-debian-clang 1.11.4 268.17 370.28 638.45 OK
r-devel-linux-x86_64-debian-gcc 1.11.4 216.65 267.07 483.72 OK
r-devel-linux-x86_64-fedora-clang 1.11.4 1177.08 OK
r-devel-linux-x86_64-fedora-gcc 1.11.4 1319.68 OK
r-devel-windows-x86_64 1.11.4 271.00 589.00 860.00 OK
r-patched-linux-x86_64 1.11.4 292.25 387.34 679.59 OK
r-release-linux-x86_64 1.11.4 282.99 386.05 669.04 OK
r-release-macos-arm64 1.11.4 328.00 OK
r-release-macos-x86_64 1.11.4 519.00 OK
r-release-windows-x86_64 1.11.4 265.00 587.00 852.00 OK
r-oldrel-macos-arm64 1.11.4 336.00 NOTE
r-oldrel-macos-x86_64 1.11.4 695.00 NOTE
r-oldrel-windows-x86_64 1.11.4 313.00 656.00 969.00 OK

Check Details

Version: 1.11.4
Check: installed package size
Result: NOTE installed size is 155.5Mb sub-directories of 1Mb or more: libs 154.0Mb Flavors: r-oldrel-macos-arm64, r-oldrel-macos-x86_64

These binaries (installable software) and packages are in development.
They may not be fully stable and should be used with caution. We make no claims about them.