CRAN Package Check Results for Package meltt

Last updated on 2025-11-12 12:53:14 CET.

Flavor Version Tinstall Tcheck Ttotal Status Flags
r-devel-linux-x86_64-debian-clang 0.4.3 30.79 100.08 130.87 NOTE
r-devel-linux-x86_64-debian-gcc 0.4.3 19.16 72.28 91.44 NOTE
r-devel-linux-x86_64-fedora-clang 0.4.3 65.00 151.20 216.20 OK
r-devel-linux-x86_64-fedora-gcc 0.4.3 64.00 128.83 192.83 OK
r-devel-windows-x86_64 0.4.3 36.00 115.00 151.00 OK
r-patched-linux-x86_64 0.4.3 28.02 95.23 123.25 OK
r-release-linux-x86_64 0.4.3 28.76 93.97 122.73 OK
r-release-macos-arm64 0.4.3 11.00 37.00 48.00 OK
r-release-macos-x86_64 0.4.3 20.00 69.00 89.00 OK
r-release-windows-x86_64 0.4.3 37.00 116.00 153.00 OK
r-oldrel-macos-arm64 0.4.3 12.00 37.00 49.00 OK
r-oldrel-macos-x86_64 0.4.3 17.00 59.00 76.00 OK
r-oldrel-windows-x86_64 0.4.3 45.00 146.00 191.00 OK

Check Details

Version: 0.4.3
Check: CRAN incoming feasibility
Result: NOTE Maintainer: ‘Karsten Donnay <kdonnay@gmx.net>’ No Authors@R field in DESCRIPTION. Please add one, modifying Authors@R: c(person(given = "Karsten", family = "Donnay", role = c("aut", "cre"), email = "kdonnay@gmx.net"), person(given = "Eric", family = "Dunford", role = "aut")) as necessary. Flavors: r-devel-linux-x86_64-debian-clang, r-devel-linux-x86_64-debian-gcc

These binaries (installable software) and packages are in development.
They may not be fully stable and should be used with caution. We make no claims about them.