CRAN Package Check Results for Package memify

Last updated on 2025-02-16 08:50:54 CET.

Flavor Version Tinstall Tcheck Ttotal Status Flags
r-devel-linux-x86_64-debian-clang 0.1.1 1.35 17.30 18.65 OK
r-devel-linux-x86_64-debian-gcc 0.1.1 1.27 14.48 15.75 OK
r-devel-linux-x86_64-fedora-clang 0.1.1 31.36 OK
r-devel-linux-x86_64-fedora-gcc 0.1.1 29.44 OK
r-devel-macos-arm64 0.1.1 14.00 OK
r-devel-macos-x86_64 0.1.1 35.00 OK
r-devel-windows-x86_64 0.1.1 3.00 47.00 50.00 OK
r-patched-linux-x86_64 0.1.1 1.76 16.73 18.49 NOTE
r-release-linux-x86_64 0.1.1 1.48 16.90 18.38 NOTE
r-release-macos-arm64 0.1.1 14.00 NOTE
r-release-macos-x86_64 0.1.1 20.00 NOTE
r-release-windows-x86_64 0.1.1 2.00 44.00 46.00 NOTE
r-oldrel-macos-arm64 0.1.1 16.00 NOTE
r-oldrel-macos-x86_64 0.1.1 20.00 NOTE
r-oldrel-windows-x86_64 0.1.1 4.00 43.00 47.00 NOTE

Check Details

Version: 0.1.1
Check: LazyData
Result: NOTE 'LazyData' is specified without a 'data' directory Flavors: r-patched-linux-x86_64, r-release-linux-x86_64, r-release-macos-arm64, r-release-macos-x86_64, r-release-windows-x86_64, r-oldrel-macos-arm64, r-oldrel-macos-x86_64, r-oldrel-windows-x86_64

These binaries (installable software) and packages are in development.
They may not be fully stable and should be used with caution. We make no claims about them.