CRAN Package Check Results for Package memo

Last updated on 2025-02-16 08:50:54 CET.

Flavor Version Tinstall Tcheck Ttotal Status Flags
r-devel-linux-x86_64-debian-clang 1.1.1 2.77 22.98 25.75 NOTE
r-devel-linux-x86_64-debian-gcc 1.1.1 2.14 19.45 21.59 NOTE
r-devel-linux-x86_64-fedora-clang 1.1.1 43.34 NOTE
r-devel-linux-x86_64-fedora-gcc 1.1.1 54.54 NOTE
r-devel-macos-arm64 1.1.1 23.00 NOTE
r-devel-macos-x86_64 1.1.1 52.00 NOTE
r-devel-windows-x86_64 1.1.1 6.00 47.00 53.00 NOTE
r-patched-linux-x86_64 1.1.1 2.62 22.21 24.83 OK
r-release-linux-x86_64 1.1.1 2.54 22.01 24.55 OK
r-release-macos-arm64 1.1.1 22.00 OK
r-release-macos-x86_64 1.1.1 35.00 OK
r-release-windows-x86_64 1.1.1 5.00 48.00 53.00 OK
r-oldrel-macos-arm64 1.1.1 29.00 OK
r-oldrel-macos-x86_64 1.1.1 85.00 OK
r-oldrel-windows-x86_64 1.1.1 6.00 49.00 55.00 OK

Check Details

Version: 1.1.1
Check: compiled code
Result: NOTE File ‘memo/libs/memo.so’: Found non-API call to R: ‘PRCODE’ Compiled code should not call non-API entry points in R. See ‘Writing portable packages’ in the ‘Writing R Extensions’ manual, and section ‘Moving into C API compliance’ for issues with the use of non-API entry points. Flavors: r-devel-linux-x86_64-debian-clang, r-devel-linux-x86_64-debian-gcc, r-devel-linux-x86_64-fedora-clang, r-devel-linux-x86_64-fedora-gcc, r-devel-macos-arm64, r-devel-macos-x86_64

Version: 1.1.1
Check: compiled code
Result: NOTE File 'memo/libs/x64/memo.dll': Found non-API call to R: 'PRCODE' Compiled code should not call non-API entry points in R. See 'Writing portable packages' in the 'Writing R Extensions' manual, and section 'Moving into C API compliance' for issues with the use of non-API entry points. Flavor: r-devel-windows-x86_64

These binaries (installable software) and packages are in development.
They may not be fully stable and should be used with caution. We make no claims about them.