Last updated on 2025-05-01 15:49:36 CEST.
Flavor | Version | Tinstall | Tcheck | Ttotal | Status | Flags |
---|---|---|---|---|---|---|
r-devel-linux-x86_64-debian-clang | 1.1.1 | 2.73 | 24.82 | 27.55 | NOTE | |
r-devel-linux-x86_64-debian-gcc | 1.1.1 | 2.20 | 20.37 | 22.57 | NOTE | |
r-devel-linux-x86_64-fedora-clang | 1.1.1 | 42.95 | NOTE | |||
r-devel-linux-x86_64-fedora-gcc | 1.1.1 | 56.98 | NOTE | |||
r-devel-windows-x86_64 | 1.1.1 | 6.00 | 53.00 | 59.00 | NOTE | |
r-patched-linux-x86_64 | 1.1.1 | 2.57 | 22.82 | 25.39 | NOTE | |
r-release-linux-x86_64 | NOTE | |||||
r-release-macos-arm64 | 1.1.1 | 69.00 | NOTE | |||
r-release-macos-x86_64 | 1.1.1 | 45.00 | NOTE | |||
r-release-windows-x86_64 | 1.1.1 | 6.00 | 57.00 | 63.00 | NOTE | |
r-oldrel-macos-arm64 | 1.1.1 | 22.00 | OK | |||
r-oldrel-macos-x86_64 | 1.1.1 | 35.00 | OK | |||
r-oldrel-windows-x86_64 | 1.1.1 | 6.00 | 50.00 | 56.00 | OK |
Version: 1.1.1
Check: CRAN incoming feasibility
Result: NOTE
Maintainer: ‘Peter Meilstrup <peter.meilstrup@gmail.com>’
No Authors@R field in DESCRIPTION.
Please add one, modifying
Authors@R: person(given = "Peter",
family = "Meilstrup",
role = c("aut", "cre"),
email = "peter.meilstrup@gmail.com")
as necessary.
Flavors: r-devel-linux-x86_64-debian-clang, r-devel-linux-x86_64-debian-gcc
Version: 1.1.1
Check: compiled code
Result: NOTE
File ‘memo/libs/memo.so’:
Found non-API calls to R: ‘BODY’, ‘CLOENV’, ‘FORMALS’, ‘PRCODE’
Compiled code should not call non-API entry points in R.
See ‘Writing portable packages’ in the ‘Writing R Extensions’ manual,
and section ‘Moving into C API compliance’ for issues with the use of
non-API entry points.
Flavors: r-devel-linux-x86_64-debian-clang, r-devel-linux-x86_64-debian-gcc, r-devel-linux-x86_64-fedora-clang, r-devel-linux-x86_64-fedora-gcc, r-patched-linux-x86_64, r-release-linux-x86_64, r-release-macos-arm64, r-release-macos-x86_64
Version: 1.1.1
Check: compiled code
Result: NOTE
File 'memo/libs/x64/memo.dll':
Found non-API calls to R: 'BODY', 'CLOENV', 'FORMALS', 'PRCODE'
Compiled code should not call non-API entry points in R.
See 'Writing portable packages' in the 'Writing R Extensions' manual,
and section 'Moving into C API compliance' for issues with the use of
non-API entry points.
Flavors: r-devel-windows-x86_64, r-release-windows-x86_64
These binaries (installable software) and packages are in development.
They may not be fully stable and should be used with caution. We make no claims about them.