Last updated on 2025-02-23 01:51:46 CET.
Flavor | Version | Tinstall | Tcheck | Ttotal | Status | Flags |
---|---|---|---|---|---|---|
r-devel-linux-x86_64-debian-clang | 1.0.0 | 16.12 | 116.65 | 132.77 | NOTE | |
r-devel-linux-x86_64-debian-gcc | 1.0.0 | 10.58 | 82.49 | 93.07 | NOTE | |
r-devel-linux-x86_64-fedora-clang | 1.0.0 | 204.73 | NOTE | |||
r-devel-linux-x86_64-fedora-gcc | 1.0.0 | 225.83 | NOTE | |||
r-devel-macos-arm64 | 1.0.0 | 72.00 | NOTE | |||
r-devel-macos-x86_64 | 1.0.0 | 141.00 | NOTE | |||
r-devel-windows-x86_64 | 1.0.0 | 16.00 | 114.00 | 130.00 | NOTE | |
r-patched-linux-x86_64 | 1.0.0 | 11.92 | 107.64 | 119.56 | NOTE | |
r-release-linux-x86_64 | 1.0.0 | 13.46 | 107.27 | 120.73 | NOTE | |
r-release-macos-arm64 | 1.0.0 | 65.00 | NOTE | |||
r-release-macos-x86_64 | 1.0.0 | 117.00 | NOTE | |||
r-release-windows-x86_64 | 1.0.0 | 16.00 | 117.00 | 133.00 | NOTE | |
r-oldrel-macos-arm64 | 1.0.0 | 72.00 | NOTE | |||
r-oldrel-macos-x86_64 | 1.0.0 | 110.00 | NOTE | |||
r-oldrel-windows-x86_64 | 1.0.0 | 21.00 | 143.00 | 164.00 | NOTE |
Version: 1.0.0
Check: package subdirectories
Result: NOTE
Problems with news in ‘NEWS.md’:
No news entries found.
Flavors: r-devel-linux-x86_64-debian-clang, r-devel-linux-x86_64-debian-gcc, r-devel-linux-x86_64-fedora-clang, r-devel-linux-x86_64-fedora-gcc, r-devel-macos-arm64, r-devel-macos-x86_64, r-devel-windows-x86_64, r-patched-linux-x86_64, r-release-linux-x86_64, r-release-macos-arm64, r-release-macos-x86_64, r-release-windows-x86_64, r-oldrel-macos-arm64, r-oldrel-macos-x86_64, r-oldrel-windows-x86_64
These binaries (installable software) and packages are in development.
They may not be fully stable and should be used with caution. We make no claims about them.