Last updated on 2025-11-12 12:53:15 CET.
| Flavor | Version | Tinstall | Tcheck | Ttotal | Status | Flags |
|---|---|---|---|---|---|---|
| r-devel-linux-x86_64-debian-clang | 1.0 | 4.87 | 47.85 | 52.72 | OK | |
| r-devel-linux-x86_64-debian-gcc | 1.0 | 3.91 | 34.56 | 38.47 | OK | |
| r-devel-linux-x86_64-fedora-clang | 1.0 | 12.00 | 67.84 | 79.84 | NOTE | |
| r-devel-linux-x86_64-fedora-gcc | 1.0 | 11.00 | 76.70 | 87.70 | NOTE | |
| r-devel-windows-x86_64 | 1.0 | 6.00 | 62.00 | 68.00 | OK | |
| r-patched-linux-x86_64 | 1.0 | 5.23 | 43.20 | 48.43 | OK | |
| r-release-linux-x86_64 | 1.0 | 5.52 | 42.45 | 47.97 | OK | |
| r-release-macos-arm64 | 1.0 | 3.00 | 30.00 | 33.00 | OK | |
| r-release-macos-x86_64 | 1.0 | 6.00 | 51.00 | 57.00 | OK | |
| r-release-windows-x86_64 | 1.0 | 8.00 | 62.00 | 70.00 | OK | |
| r-oldrel-macos-arm64 | 1.0 | 3.00 | 29.00 | 32.00 | OK | |
| r-oldrel-macos-x86_64 | 1.0 | 4.00 | 66.00 | 70.00 | OK | |
| r-oldrel-windows-x86_64 | 1.0 | 9.00 | 72.00 | 81.00 | OK |
Version: 1.0
Check: dependencies in R code
Result: NOTE
Namespace in Imports field not imported from: ‘gt’
All declared Imports should be used.
Flavors: r-devel-linux-x86_64-fedora-clang, r-devel-linux-x86_64-fedora-gcc
These binaries (installable software) and packages are in development.
They may not be fully stable and should be used with caution. We make no claims about them.