Last updated on 2025-05-01 15:49:36 CEST.
Flavor | Version | Tinstall | Tcheck | Ttotal | Status | Flags |
---|---|---|---|---|---|---|
r-devel-linux-x86_64-debian-clang | 0.5.3 | 7.19 | 80.82 | 88.01 | NOTE | |
r-devel-linux-x86_64-debian-gcc | 0.5.3 | 5.01 | 56.55 | 61.56 | OK | |
r-devel-linux-x86_64-fedora-clang | 0.5.3 | 136.48 | OK | |||
r-devel-linux-x86_64-fedora-gcc | 0.5.3 | 132.51 | OK | |||
r-devel-windows-x86_64 | 0.5.3 | 8.00 | 93.00 | 101.00 | OK | |
r-patched-linux-x86_64 | 0.5.3 | 7.55 | 72.82 | 80.37 | OK | |
r-release-linux-x86_64 | OK | |||||
r-release-macos-arm64 | 0.5.3 | 44.00 | OK | |||
r-release-macos-x86_64 | 0.5.3 | 86.00 | OK | |||
r-release-windows-x86_64 | 0.5.3 | 10.00 | 98.00 | 108.00 | OK | |
r-oldrel-macos-arm64 | 0.5.3 | 53.00 | OK | |||
r-oldrel-macos-x86_64 | 0.5.3 | 88.00 | OK | |||
r-oldrel-windows-x86_64 | 0.5.3 | 11.00 | 124.00 | 135.00 | OK |
Version: 0.5.3
Check: examples
Result: NOTE
Examples with CPU (user + system) or elapsed time > 5s
user system elapsed
coerce_tendency 4.246 0.063 6.038
Flavor: r-devel-linux-x86_64-debian-clang
These binaries (installable software) and packages are in development.
They may not be fully stable and should be used with caution. We make no claims about them.