Last updated on 2025-02-16 08:50:54 CET.
Flavor | Version | Tinstall | Tcheck | Ttotal | Status | Flags |
---|---|---|---|---|---|---|
r-devel-linux-x86_64-debian-clang | 0.17.0 | 14.61 | 257.30 | 271.91 | NOTE | |
r-devel-linux-x86_64-debian-gcc | 0.17.0 | 11.31 | 173.95 | 185.26 | NOTE | |
r-devel-linux-x86_64-fedora-clang | 0.17.0 | 449.47 | NOTE | |||
r-devel-linux-x86_64-fedora-gcc | 0.17.0 | 438.52 | NOTE | |||
r-devel-macos-arm64 | 0.17.0 | 121.00 | OK | |||
r-devel-macos-x86_64 | 0.17.0 | 272.00 | NOTE | |||
r-devel-windows-x86_64 | 0.17.0 | 17.00 | 273.00 | 290.00 | NOTE | |
r-patched-linux-x86_64 | 0.17.0 | 16.03 | 242.85 | 258.88 | OK | |
r-release-linux-x86_64 | 0.17.0 | 13.42 | 244.66 | 258.08 | OK | |
r-release-macos-arm64 | 0.17.0 | 112.00 | OK | |||
r-release-macos-x86_64 | 0.17.0 | 293.00 | OK | |||
r-release-windows-x86_64 | 0.17.0 | 16.00 | 273.00 | 289.00 | OK | |
r-oldrel-macos-arm64 | 0.17.0 | 114.00 | OK | |||
r-oldrel-macos-x86_64 | 0.17.0 | 290.00 | OK | |||
r-oldrel-windows-x86_64 | 0.17.0 | 23.00 | 373.00 | 396.00 | OK |
Version: 0.17.0
Check: DESCRIPTION meta-information
Result: NOTE
Missing dependency on R >= 4.1.0 because package code uses the pipe
|> or function shorthand \(...) syntax added in R 4.1.0.
File(s) using such syntax:
‘WriteNetCDF.R’
Flavors: r-devel-linux-x86_64-debian-clang, r-devel-linux-x86_64-debian-gcc, r-devel-linux-x86_64-fedora-clang, r-devel-linux-x86_64-fedora-gcc, r-devel-macos-x86_64, r-devel-windows-x86_64
These binaries (installable software) and packages are in development.
They may not be fully stable and should be used with caution. We make no claims about them.