Last updated on 2025-02-16 08:50:54 CET.
Flavor | Version | Tinstall | Tcheck | Ttotal | Status | Flags |
---|---|---|---|---|---|---|
r-devel-linux-x86_64-debian-clang | 0.6.9 | 805.86 | 255.43 | 1061.29 | OK | |
r-devel-linux-x86_64-debian-gcc | 0.6.9 | 788.97 | 245.52 | 1034.49 | OK | |
r-devel-linux-x86_64-fedora-clang | 0.6.9 | 1735.82 | OK | |||
r-devel-linux-x86_64-fedora-gcc | 0.6.9 | 2531.21 | OK | |||
r-devel-macos-arm64 | 0.6.9 | 450.00 | OK | |||
r-devel-macos-x86_64 | 0.6.9 | 595.00 | OK | |||
r-devel-windows-x86_64 | 0.6.9 | 792.00 | 308.00 | 1100.00 | OK | |
r-patched-linux-x86_64 | 0.6.9 | 1024.12 | 322.33 | 1346.45 | OK | |
r-release-linux-x86_64 | 0.6.9 | 1003.19 | 322.02 | 1325.21 | OK | |
r-release-macos-arm64 | 0.6.9 | 243.00 | NOTE | |||
r-release-macos-x86_64 | 0.6.9 | 241.00 | NOTE | |||
r-release-windows-x86_64 | 0.6.9 | 797.00 | 305.00 | 1102.00 | NOTE | |
r-oldrel-macos-arm64 | 0.6.9 | 610.00 | NOTE | |||
r-oldrel-macos-x86_64 | 0.6.9 | 822.00 | NOTE | |||
r-oldrel-windows-x86_64 | 0.6.9 | 1092.00 | 399.00 | 1491.00 | NOTE |
Version: 0.6.9
Check: installed package size
Result: NOTE
installed size is 129.7Mb
sub-directories of 1Mb or more:
libs 129.0Mb
Flavors: r-release-macos-arm64, r-release-macos-x86_64, r-release-windows-x86_64, r-oldrel-macos-arm64, r-oldrel-macos-x86_64, r-oldrel-windows-x86_64
Version: 0.6.9
Check: for GNU extensions in Makefiles
Result: NOTE
GNU make is a SystemRequirements.
Flavors: r-release-macos-arm64, r-release-macos-x86_64, r-oldrel-macos-arm64, r-oldrel-macos-x86_64
These binaries (installable software) and packages are in development.
They may not be fully stable and should be used with caution. We make no claims about them.