CRAN Package Check Results for Package metaBMA

Last updated on 2025-07-22 13:49:17 CEST.

Flavor Version Tinstall Tcheck Ttotal Status Flags
r-devel-linux-x86_64-debian-clang 0.6.9 833.39 257.45 1090.84 OK
r-devel-linux-x86_64-debian-gcc 0.6.9 770.77 244.27 1015.04 OK
r-devel-linux-x86_64-fedora-clang 0.6.9 1690.76 OK
r-devel-linux-x86_64-fedora-gcc 0.6.9 2343.64 OK
r-devel-windows-x86_64 0.6.9 931.00 328.00 1259.00 OK
r-patched-linux-x86_64 0.6.9 974.44 336.90 1311.34 OK
r-release-linux-x86_64 0.6.9 982.76 340.17 1322.93 OK
r-release-macos-arm64 0.6.9 427.00 OK
r-release-macos-x86_64 0.6.9 688.00 OK
r-release-windows-x86_64 0.6.9 935.00 337.00 1272.00 OK
r-oldrel-macos-arm64 0.6.9 243.00 NOTE
r-oldrel-macos-x86_64 0.6.9 241.00 NOTE
r-oldrel-windows-x86_64 0.6.9 1049.00 431.00 1480.00 NOTE

Check Details

Version: 0.6.9
Check: installed package size
Result: NOTE installed size is 129.7Mb sub-directories of 1Mb or more: libs 129.0Mb Flavors: r-oldrel-macos-arm64, r-oldrel-macos-x86_64, r-oldrel-windows-x86_64

Version: 0.6.9
Check: for GNU extensions in Makefiles
Result: NOTE GNU make is a SystemRequirements. Flavors: r-oldrel-macos-arm64, r-oldrel-macos-x86_64

These binaries (installable software) and packages are in development.
They may not be fully stable and should be used with caution. We make no claims about them.