CRAN Package Check Results for Package metaConvert

Last updated on 2025-10-23 17:50:53 CEST.

Flavor Version Tinstall Tcheck Ttotal Status Flags
r-devel-linux-x86_64-debian-clang 1.0.3 11.87 129.20 141.07 OK
r-devel-linux-x86_64-debian-gcc 1.0.3 6.31 81.81 88.12 OK
r-devel-linux-x86_64-fedora-clang 1.0.3 28.00 186.78 214.78 NOTE
r-devel-linux-x86_64-fedora-gcc 1.0.3 29.00 205.24 234.24 NOTE
r-devel-windows-x86_64 1.0.3 14.00 144.00 158.00 OK
r-patched-linux-x86_64 1.0.3 13.89 118.95 132.84 OK
r-release-linux-x86_64 1.0.3 10.23 120.82 131.05 OK
r-release-macos-arm64 1.0.3 5.00 53.00 58.00 OK
r-release-macos-x86_64 1.0.3 16.00 118.00 134.00 OK
r-release-windows-x86_64 1.0.3 13.00 149.00 162.00 OK
r-oldrel-macos-arm64 1.0.3 5.00 56.00 61.00 OK
r-oldrel-macos-x86_64 1.0.3 10.00 113.00 123.00 OK
r-oldrel-windows-x86_64 1.0.3 18.00 186.00 204.00 OK

Check Details

Version: 1.0.3
Check: dependencies in R code
Result: NOTE Namespace in Imports field not imported from: ‘mvtnorm’ All declared Imports should be used. Flavors: r-devel-linux-x86_64-fedora-clang, r-devel-linux-x86_64-fedora-gcc

These binaries (installable software) and packages are in development.
They may not be fully stable and should be used with caution. We make no claims about them.