Last updated on 2024-07-27 15:50:25 CEST.
Flavor | Version | Tinstall | Tcheck | Ttotal | Status | Flags |
---|---|---|---|---|---|---|
r-devel-linux-x86_64-debian-clang | 1.0.0 | 12.88 | 1024.24 | 1037.12 | OK | |
r-devel-linux-x86_64-debian-gcc | 1.0.0 | OK | ||||
r-devel-linux-x86_64-fedora-clang | 1.0.0 | 962.52 | NOTE | |||
r-devel-linux-x86_64-fedora-gcc | 1.0.0 | 1226.81 | NOTE | |||
r-devel-windows-x86_64 | 1.0.0 | 11.00 | 563.00 | 574.00 | OK | |
r-patched-linux-x86_64 | 1.0.0 | OK | ||||
r-release-linux-x86_64 | 1.0.0 | 7.16 | 978.49 | 985.65 | OK | |
r-release-macos-arm64 | 1.0.0 | 245.00 | OK | |||
r-release-macos-x86_64 | 1.0.0 | 516.00 | OK | |||
r-release-windows-x86_64 | 1.0.0 | 11.00 | 566.00 | 577.00 | OK | |
r-oldrel-macos-arm64 | 1.0.0 | 167.00 | OK | |||
r-oldrel-macos-x86_64 | 1.0.0 | 559.00 | OK | |||
r-oldrel-windows-x86_64 | 1.0.0 | 15.00 | 902.00 | 917.00 | OK |
Version: 1.0.0
Check: dependencies in R code
Result: NOTE
Namespaces in Imports field not imported from:
‘mvtnorm’ ‘numDeriv’ ‘utils’
All declared Imports should be used.
Flavors: r-devel-linux-x86_64-fedora-clang, r-devel-linux-x86_64-fedora-gcc
Version: 1.0.0
Check: data for non-ASCII characters
Result: NOTE
Note: found 36 marked UTF-8 strings
Flavors: r-devel-linux-x86_64-fedora-clang, r-devel-linux-x86_64-fedora-gcc
These binaries (installable software) and packages are in development.
They may not be fully stable and should be used with caution. We make no claims about them.