CRAN Package Check Results for Package metaLik

Last updated on 2025-05-03 20:49:55 CEST.

Flavor Version Tinstall Tcheck Ttotal Status Flags
r-devel-linux-x86_64-debian-clang 0.43.0 1.94 23.61 25.55 NOTE
r-devel-linux-x86_64-debian-gcc 0.43.0 1.72 18.63 20.35 NOTE
r-devel-linux-x86_64-fedora-clang 0.43.0 40.42 OK
r-devel-linux-x86_64-fedora-gcc 0.43.0 38.81 OK
r-devel-windows-x86_64 0.43.0 3.00 43.00 46.00 OK
r-patched-linux-x86_64 0.43.0 2.12 23.20 25.32 OK
r-release-linux-x86_64 OK
r-release-macos-arm64 0.43.0 22.00 OK
r-release-macos-x86_64 0.43.0 28.00 OK
r-release-windows-x86_64 0.43.0 3.00 44.00 47.00 OK
r-oldrel-macos-arm64 0.43.0 18.00 OK
r-oldrel-macos-x86_64 0.43.0 23.00 OK
r-oldrel-windows-x86_64 0.43.0 3.00 42.00 45.00 OK

Check Details

Version: 0.43.0
Check: CRAN incoming feasibility
Result: NOTE Maintainer: ‘Cristiano Varin <sammy@unive.it>’ No Authors@R field in DESCRIPTION. Please add one, modifying Authors@R: c(person(given = "Annamaria", family = "Guolo", role = "aut"), person(given = "Cristiano", family = "Varin", role = c("aut", "cre"), email = "sammy@unive.it")) as necessary. Package CITATION file contains call(s) to old-style personList() or as.personList(). Please use c() on person objects instead. Package CITATION file contains call(s) to old-style citEntry(). Please use bibentry() instead. Flavors: r-devel-linux-x86_64-debian-clang, r-devel-linux-x86_64-debian-gcc

These binaries (installable software) and packages are in development.
They may not be fully stable and should be used with caution. We make no claims about them.