Last updated on 2025-05-02 06:49:38 CEST.
Flavor | Version | Tinstall | Tcheck | Ttotal | Status | Flags |
---|---|---|---|---|---|---|
r-devel-linux-x86_64-debian-clang | 1.0.8 | 1.54 | 81.02 | 82.56 | OK | |
r-devel-linux-x86_64-debian-gcc | 1.0.8 | 1.57 | 52.98 | 54.55 | OK | |
r-devel-linux-x86_64-fedora-clang | 1.0.8 | 62.80 | ERROR | |||
r-devel-linux-x86_64-fedora-gcc | 1.0.8 | 140.95 | OK | |||
r-devel-windows-x86_64 | 1.0.8 | 3.00 | 50.00 | 53.00 | OK | --no-vignettes |
r-patched-linux-x86_64 | 1.0.8 | 1.99 | 72.55 | 74.54 | OK | |
r-release-linux-x86_64 | OK | |||||
r-release-macos-arm64 | 1.0.8 | 88.00 | OK | |||
r-release-macos-x86_64 | 1.0.8 | 98.00 | OK | |||
r-release-windows-x86_64 | 1.0.8 | 4.00 | 50.00 | 54.00 | OK | --no-vignettes |
r-oldrel-macos-arm64 | 1.0.8 | 75.00 | OK | |||
r-oldrel-macos-x86_64 | 1.0.8 | 155.00 | OK | |||
r-oldrel-windows-x86_64 | 1.0.8 | 3.00 | 48.00 | 51.00 | OK | --no-vignettes |
Version: 1.0.8
Check: re-building of vignette outputs
Result: ERROR
Error(s) in re-building vignettes:
--- re-building ‘metaRNASeq.Rnw’ using Sweave
converting counts to integer mode
Error: processing vignette 'metaRNASeq.Rnw' failed with diagnostics:
chunk 5 (label = DESeq2.indivanalysis)
Error in validObject(.Object) :
invalid class “DESeqDataSet” object: superclass "ExpData" not defined in the environment of the object's class
--- failed re-building ‘metaRNASeq.Rnw’
SUMMARY: processing the following file failed:
‘metaRNASeq.Rnw’
Error: Vignette re-building failed.
Execution halted
Flavor: r-devel-linux-x86_64-fedora-clang
These binaries (installable software) and packages are in development.
They may not be fully stable and should be used with caution. We make no claims about them.