Last updated on 2025-05-08 04:52:10 CEST.
Flavor | Version | Tinstall | Tcheck | Ttotal | Status | Flags |
---|---|---|---|---|---|---|
r-devel-linux-x86_64-debian-clang | 1.1.4 | 58.51 | 306.77 | 365.28 | NOTE | |
r-devel-linux-x86_64-debian-gcc | 1.1.4 | 36.79 | 192.63 | 229.42 | NOTE | |
r-devel-linux-x86_64-fedora-clang | 1.1.4 | 594.85 | NOTE | |||
r-devel-linux-x86_64-fedora-gcc | 1.1.4 | 602.15 | NOTE | |||
r-devel-windows-x86_64 | 1.1.4 | 59.00 | 258.00 | 317.00 | NOTE | |
r-patched-linux-x86_64 | 1.1.4 | 53.39 | 287.27 | 340.66 | NOTE | |
r-release-linux-x86_64 | 1.1.4 | 49.13 | 290.09 | 339.22 | NOTE | |
r-release-macos-arm64 | 1.1.4 | 151.00 | NOTE | |||
r-release-macos-x86_64 | 1.1.4 | 267.00 | NOTE | |||
r-release-windows-x86_64 | 1.1.4 | 62.00 | 268.00 | 330.00 | NOTE | |
r-oldrel-macos-arm64 | 1.1.4 | 131.00 | OK | |||
r-oldrel-macos-x86_64 | 1.1.4 | 206.00 | OK | |||
r-oldrel-windows-x86_64 | 1.1.4 | 75.00 | 370.00 | 445.00 | OK |
Version: 1.1.4
Check: DESCRIPTION meta-information
Result: NOTE
Missing dependency on R >= 4.1.0 because package code uses the pipe
|> or function shorthand \(...) syntax added in R 4.1.0.
File(s) using such syntax:
‘metaRangePriorityQueue.Rd’ ‘metaRangeProcess.Rd’
Flavors: r-devel-linux-x86_64-debian-clang, r-devel-linux-x86_64-debian-gcc, r-devel-linux-x86_64-fedora-clang, r-devel-linux-x86_64-fedora-gcc, r-devel-windows-x86_64, r-patched-linux-x86_64, r-release-linux-x86_64, r-release-macos-arm64, r-release-macos-x86_64, r-release-windows-x86_64
These binaries (installable software) and packages are in development.
They may not be fully stable and should be used with caution. We make no claims about them.