Last updated on 2025-10-23 23:49:36 CEST.
| Flavor | Version | Tinstall | Tcheck | Ttotal | Status | Flags |
|---|---|---|---|---|---|---|
| r-devel-linux-x86_64-debian-clang | 0.2.2 | 6.10 | 82.93 | 89.03 | NOTE | |
| r-devel-linux-x86_64-debian-gcc | 0.2.2 | 5.96 | 57.20 | 63.16 | OK | |
| r-devel-linux-x86_64-fedora-clang | 0.2.2 | 17.00 | 127.45 | 144.45 | OK | |
| r-devel-linux-x86_64-fedora-gcc | 0.2.2 | 15.00 | 118.81 | 133.81 | OK | |
| r-devel-windows-x86_64 | 0.2.2 | 8.00 | 94.00 | 102.00 | OK | |
| r-patched-linux-x86_64 | 0.2.2 | 7.14 | 78.58 | 85.72 | OK | |
| r-release-linux-x86_64 | 0.2.2 | 6.07 | 79.44 | 85.51 | OK | |
| r-release-macos-arm64 | 0.2.2 | 4.00 | 38.00 | 42.00 | OK | |
| r-release-macos-x86_64 | 0.2.2 | 6.00 | 69.00 | 75.00 | OK | |
| r-release-windows-x86_64 | 0.2.2 | 10.00 | 96.00 | 106.00 | OK | |
| r-oldrel-macos-arm64 | 0.2.2 | 4.00 | 36.00 | 40.00 | OK | |
| r-oldrel-macos-x86_64 | 0.2.2 | 5.00 | 55.00 | 60.00 | OK | |
| r-oldrel-windows-x86_64 | 0.2.2 | 11.00 | 116.00 | 127.00 | OK |
Version: 0.2.2
Check: HTML version of manual
Result: NOTE
Found the following HTML validation problems:
ROCcoords.html:50:1 (ROCcoords.Rd:12): Warning: missing </ul> before </div>
metaSDT.loglik.html:74:1 (metaSDT.loglik.Rd:24): Warning: missing </ul> before </div>
Flavor: r-devel-linux-x86_64-debian-clang
These binaries (installable software) and packages are in development.
They may not be fully stable and should be used with caution. We make no claims about them.