CRAN Package Check Results for Package metabias

Last updated on 2025-10-23 17:50:53 CEST.

Flavor Version Tinstall Tcheck Ttotal Status Flags
r-devel-linux-x86_64-debian-clang 0.1.1 1.74 21.38 23.12 NOTE
r-devel-linux-x86_64-debian-gcc 0.1.1 1.30 17.34 18.64 OK
r-devel-linux-x86_64-fedora-clang 0.1.1 35.54 OK
r-devel-linux-x86_64-fedora-gcc 0.1.1 31.37 OK
r-devel-windows-x86_64 0.1.1 3.00 39.00 42.00 OK
r-patched-linux-x86_64 0.1.1 1.21 19.83 21.04 OK
r-release-linux-x86_64 0.1.1 1.34 19.93 21.27 OK
r-release-macos-arm64 0.1.1 2.00 15.00 17.00 OK
r-release-macos-x86_64 0.1.1 2.00 23.00 25.00 OK
r-release-windows-x86_64 0.1.1 3.00 42.00 45.00 OK
r-oldrel-macos-arm64 0.1.1 1.00 15.00 16.00 OK
r-oldrel-macos-x86_64 0.1.1 2.00 25.00 27.00 OK
r-oldrel-windows-x86_64 0.1.1 4.00 45.00 49.00 OK

Check Details

Version: 0.1.1
Check: HTML version of manual
Result: NOTE Found the following HTML validation problems: params.html:92:1 (params.Rd:41): Warning: missing </ul> before </div> Flavor: r-devel-linux-x86_64-debian-clang

These binaries (installable software) and packages are in development.
They may not be fully stable and should be used with caution. We make no claims about them.