Last updated on 2024-07-27 15:50:25 CEST.
Flavor | Version | Tinstall | Tcheck | Ttotal | Status | Flags |
---|---|---|---|---|---|---|
r-devel-linux-x86_64-debian-clang | 0.1.2 | 17.27 | 109.13 | 126.40 | OK | |
r-devel-linux-x86_64-debian-gcc | 0.1.2 | OK | ||||
r-devel-linux-x86_64-fedora-clang | 0.1.2 | 160.31 | NOTE | |||
r-devel-linux-x86_64-fedora-gcc | 0.1.2 | 149.83 | NOTE | |||
r-devel-windows-x86_64 | 0.1.2 | 14.00 | 97.00 | 111.00 | OK | |
r-patched-linux-x86_64 | 0.1.2 | OK | ||||
r-release-linux-x86_64 | 0.1.2 | 8.88 | 103.23 | 112.11 | OK | |
r-release-macos-arm64 | 0.1.2 | 48.00 | OK | |||
r-release-macos-x86_64 | 0.1.2 | 64.00 | OK | |||
r-release-windows-x86_64 | 0.1.2 | 12.00 | 96.00 | 108.00 | OK | |
r-oldrel-macos-arm64 | 0.1.2 | 47.00 | OK | |||
r-oldrel-macos-x86_64 | 0.1.2 | 86.00 | OK | |||
r-oldrel-windows-x86_64 | 0.1.2 | 17.00 | 117.00 | 134.00 | OK |
Version: 0.1.2
Check: data for non-ASCII characters
Result: NOTE
Note: found 37 marked UTF-8 strings
Flavors: r-devel-linux-x86_64-fedora-clang, r-devel-linux-x86_64-fedora-gcc
These binaries (installable software) and packages are in development.
They may not be fully stable and should be used with caution. We make no claims about them.