CRAN Package Check Results for Package metacart

Last updated on 2025-02-16 08:50:54 CET.

Flavor Version Tinstall Tcheck Ttotal Status Flags
r-devel-linux-x86_64-debian-clang 2.0-3 28.12 51.64 79.76 NOTE
r-devel-linux-x86_64-debian-gcc 2.0-3 22.17 36.52 58.69 NOTE
r-devel-linux-x86_64-fedora-clang 2.0-3 142.62 OK
r-devel-linux-x86_64-fedora-gcc 2.0-3 137.68 OK
r-devel-macos-arm64 2.0-3 32.00 OK
r-devel-macos-x86_64 2.0-3 54.00 OK
r-devel-windows-x86_64 2.0-3 32.00 86.00 118.00 NOTE
r-patched-linux-x86_64 2.0-3 29.16 46.97 76.13 OK
r-release-linux-x86_64 2.0-3 29.84 47.09 76.93 OK
r-release-macos-arm64 2.0-3 34.00 OK
r-release-macos-x86_64 2.0-3 47.00 OK
r-release-windows-x86_64 2.0-3 33.00 84.00 117.00 OK
r-oldrel-macos-arm64 2.0-3 47.00 OK
r-oldrel-macos-x86_64 2.0-3 62.00 OK
r-oldrel-windows-x86_64 2.0-3 41.00 119.00 160.00 OK

Check Details

Version: 2.0-3
Check: Rd cross-references
Result: NOTE Found the following Rd file(s) with Rd \link{} targets missing package anchors: FEmrt.Rd: rpart, rpart.control Please provide package anchors for all Rd \link{} targets not in the package itself and the base packages. Flavors: r-devel-linux-x86_64-debian-clang, r-devel-linux-x86_64-debian-gcc, r-devel-windows-x86_64

These binaries (installable software) and packages are in development.
They may not be fully stable and should be used with caution. We make no claims about them.