Last updated on 2025-02-16 08:50:54 CET.
Flavor | Version | Tinstall | Tcheck | Ttotal | Status | Flags |
---|---|---|---|---|---|---|
r-devel-linux-x86_64-debian-clang | 0.1.3 | 7.32 | 96.15 | 103.47 | NOTE | |
r-devel-linux-x86_64-debian-gcc | 0.1.3 | 4.60 | 70.32 | 74.92 | NOTE | |
r-devel-linux-x86_64-fedora-clang | 0.1.3 | 165.61 | NOTE | |||
r-devel-linux-x86_64-fedora-gcc | 0.1.3 | 168.41 | NOTE | |||
r-devel-macos-arm64 | 0.1.3 | 55.00 | OK | |||
r-devel-macos-x86_64 | 0.1.3 | 110.00 | NOTE | |||
r-devel-windows-x86_64 | 0.1.3 | 10.00 | 102.00 | 112.00 | NOTE | |
r-patched-linux-x86_64 | 0.1.3 | 8.02 | 92.96 | 100.98 | OK | |
r-release-linux-x86_64 | 0.1.3 | 6.84 | 94.60 | 101.44 | OK | |
r-release-macos-arm64 | 0.1.3 | 54.00 | OK | |||
r-release-macos-x86_64 | 0.1.3 | 79.00 | OK | |||
r-release-windows-x86_64 | 0.1.3 | 9.00 | 108.00 | 117.00 | OK | |
r-oldrel-macos-arm64 | 0.1.3 | 57.00 | OK | |||
r-oldrel-macos-x86_64 | 0.1.3 | 141.00 | OK | |||
r-oldrel-windows-x86_64 | 0.1.3 | 11.00 | 126.00 | 137.00 | OK |
Version: 0.1.3
Check: DESCRIPTION meta-information
Result: NOTE
Missing dependency on R >= 4.1.0 because package code uses the pipe
|> or function shorthand \(...) syntax added in R 4.1.0.
File(s) using such syntax:
‘spec_builder.R’ ‘xml_builders.R’
Flavors: r-devel-linux-x86_64-debian-clang, r-devel-linux-x86_64-debian-gcc, r-devel-linux-x86_64-fedora-clang, r-devel-linux-x86_64-fedora-gcc, r-devel-macos-x86_64, r-devel-windows-x86_64
These binaries (installable software) and packages are in development.
They may not be fully stable and should be used with caution. We make no claims about them.