Last updated on 2025-02-16 08:50:54 CET.
Flavor | Version | Tinstall | Tcheck | Ttotal | Status | Flags |
---|---|---|---|---|---|---|
r-devel-linux-x86_64-debian-clang | 4.8-0 | 75.04 | 537.25 | 612.29 | OK | |
r-devel-linux-x86_64-debian-gcc | 4.8-0 | 50.43 | 310.81 | 361.24 | OK | |
r-devel-linux-x86_64-fedora-clang | 4.8-0 | 1039.69 | OK | |||
r-devel-linux-x86_64-fedora-gcc | 4.8-0 | 931.95 | OK | |||
r-devel-macos-arm64 | 4.8-0 | 179.00 | OK | |||
r-devel-macos-x86_64 | 4.8-0 | 453.00 | OK | |||
r-devel-windows-x86_64 | 4.8-0 | 70.00 | 446.00 | 516.00 | OK | |
r-patched-linux-x86_64 | 4.8-0 | 75.96 | 486.82 | 562.78 | OK | |
r-release-linux-x86_64 | 4.8-0 | 71.29 | 487.72 | 559.01 | OK | |
r-release-macos-arm64 | 4.8-0 | 203.00 | NOTE | |||
r-release-macos-x86_64 | 4.8-0 | 446.00 | NOTE | |||
r-release-windows-x86_64 | 4.8-0 | 71.00 | 453.00 | 524.00 | NOTE | |
r-oldrel-macos-arm64 | 4.6-0 | 166.00 | NOTE | |||
r-oldrel-macos-x86_64 | 4.8-0 | 560.00 | NOTE | |||
r-oldrel-windows-x86_64 | 4.8-0 | 95.00 | 636.00 | 731.00 | NOTE |
Version: 4.8-0
Check: installed package size
Result: NOTE
installed size is 6.2Mb
sub-directories of 1Mb or more:
R 3.1Mb
help 2.3Mb
Flavors: r-release-macos-arm64, r-release-macos-x86_64, r-release-windows-x86_64, r-oldrel-macos-x86_64, r-oldrel-windows-x86_64
Version: 4.6-0
Check: installed package size
Result: NOTE
installed size is 6.2Mb
sub-directories of 1Mb or more:
R 3.0Mb
help 2.2Mb
Flavor: r-oldrel-macos-arm64
These binaries (installable software) and packages are in development.
They may not be fully stable and should be used with caution. We make no claims about them.