Last updated on 2025-07-26 01:50:55 CEST.
Flavor | Version | Tinstall | Tcheck | Ttotal | Status | Flags |
---|---|---|---|---|---|---|
r-devel-linux-x86_64-debian-clang | 4.8-0 | 78.21 | 539.45 | 617.66 | OK | |
r-devel-linux-x86_64-debian-gcc | 4.8-0 | 47.19 | 321.17 | 368.36 | OK | |
r-devel-linux-x86_64-fedora-clang | 4.8-0 | 1008.01 | OK | |||
r-devel-linux-x86_64-fedora-gcc | 4.8-0 | 956.73 | OK | |||
r-devel-windows-x86_64 | 4.8-0 | 71.00 | 455.00 | 526.00 | OK | |
r-patched-linux-x86_64 | 4.8-0 | 75.42 | 508.64 | 584.06 | OK | |
r-release-linux-x86_64 | 4.8-0 | 65.57 | 506.56 | 572.13 | OK | |
r-release-macos-arm64 | 4.8-0 | 235.00 | OK | |||
r-release-macos-x86_64 | 4.8-0 | 529.00 | OK | |||
r-release-windows-x86_64 | 4.8-0 | 69.00 | 457.00 | 526.00 | OK | |
r-oldrel-macos-arm64 | 4.8-0 | 203.00 | NOTE | |||
r-oldrel-macos-x86_64 | 4.8-0 | 446.00 | NOTE | |||
r-oldrel-windows-x86_64 | 4.8-0 | 105.00 | 610.00 | 715.00 | NOTE |
Version: 4.8-0
Check: installed package size
Result: NOTE
installed size is 6.2Mb
sub-directories of 1Mb or more:
R 3.1Mb
help 2.3Mb
Flavors: r-oldrel-macos-arm64, r-oldrel-macos-x86_64, r-oldrel-windows-x86_64
These binaries (installable software) and packages are in development.
They may not be fully stable and should be used with caution. We make no claims about them.