Last updated on 2025-05-08 04:52:10 CEST.
Flavor | Version | Tinstall | Tcheck | Ttotal | Status | Flags |
---|---|---|---|---|---|---|
r-devel-linux-x86_64-debian-clang | 4.8-0 | 74.05 | 532.12 | 606.17 | OK | |
r-devel-linux-x86_64-debian-gcc | 4.8-0 | 47.33 | 320.68 | 368.01 | OK | |
r-devel-linux-x86_64-fedora-clang | 4.8-0 | 1079.07 | OK | |||
r-devel-linux-x86_64-fedora-gcc | 4.8-0 | 1038.60 | OK | |||
r-devel-windows-x86_64 | 4.8-0 | 72.00 | 456.00 | 528.00 | OK | |
r-patched-linux-x86_64 | 4.8-0 | 74.88 | 499.22 | 574.10 | OK | |
r-release-linux-x86_64 | 4.8-0 | 71.92 | 500.74 | 572.66 | OK | |
r-release-macos-arm64 | 4.8-0 | 235.00 | OK | |||
r-release-macos-x86_64 | 4.8-0 | 529.00 | OK | |||
r-release-windows-x86_64 | 4.8-0 | 71.00 | 451.00 | 522.00 | OK | |
r-oldrel-macos-arm64 | 4.8-0 | 203.00 | NOTE | |||
r-oldrel-macos-x86_64 | 4.8-0 | 446.00 | NOTE | |||
r-oldrel-windows-x86_64 | 4.8-0 | 102.00 | 626.00 | 728.00 | NOTE |
Version: 4.8-0
Check: installed package size
Result: NOTE
installed size is 6.2Mb
sub-directories of 1Mb or more:
R 3.1Mb
help 2.3Mb
Flavors: r-oldrel-macos-arm64, r-oldrel-macos-x86_64, r-oldrel-windows-x86_64
These binaries (installable software) and packages are in development.
They may not be fully stable and should be used with caution. We make no claims about them.