Last updated on 2025-05-01 14:49:14 CEST.
Flavor | Version | Tinstall | Tcheck | Ttotal | Status | Flags |
---|---|---|---|---|---|---|
r-devel-linux-x86_64-debian-clang | 0.1.4 | 12.68 | 125.78 | 138.46 | NOTE | |
r-devel-linux-x86_64-debian-gcc | 0.1.4 | 7.66 | 91.48 | 99.14 | NOTE | |
r-devel-linux-x86_64-fedora-clang | 0.1.4 | 216.22 | OK | |||
r-devel-linux-x86_64-fedora-gcc | 0.1.4 | 224.06 | OK | |||
r-devel-windows-x86_64 | 0.1.4 | 13.00 | 132.00 | 145.00 | OK | |
r-patched-linux-x86_64 | 0.1.4 | 12.06 | 117.84 | 129.90 | OK | |
r-release-linux-x86_64 | OK | |||||
r-release-macos-arm64 | 0.1.4 | 86.00 | OK | |||
r-release-macos-x86_64 | 0.1.4 | 150.00 | OK | |||
r-release-windows-x86_64 | 0.1.4 | 12.00 | 136.00 | 148.00 | OK | |
r-oldrel-macos-arm64 | 0.1.4 | 59.00 | OK | |||
r-oldrel-macos-x86_64 | 0.1.4 | 117.00 | OK | |||
r-oldrel-windows-x86_64 | 0.1.4 | 15.00 | 150.00 | 165.00 | OK |
Version: 0.1.4
Check: CRAN incoming feasibility
Result: NOTE
Maintainer: ‘Caspar J. van Lissa <c.j.vanlissa@gmail.com>’
No Authors@R field in DESCRIPTION.
Please add one, modifying
Authors@R: person(given = c("Caspar", "J."),
family = "van Lissa",
role = c("aut", "cre"),
email = "c.j.vanlissa@gmail.com")
as necessary.
Flavors: r-devel-linux-x86_64-debian-clang, r-devel-linux-x86_64-debian-gcc
These binaries (installable software) and packages are in development.
They may not be fully stable and should be used with caution. We make no claims about them.