CRAN Package Check Results for Package metaforest

Last updated on 2025-07-26 07:50:27 CEST.

Flavor Version Tinstall Tcheck Ttotal Status Flags
r-devel-linux-x86_64-debian-clang 0.1.4 12.33 125.75 138.08 NOTE
r-devel-linux-x86_64-debian-gcc 0.1.4 8.38 90.78 99.16 NOTE
r-devel-linux-x86_64-fedora-clang 0.1.4 212.36 OK
r-devel-linux-x86_64-fedora-gcc 0.1.4 221.10 OK
r-devel-windows-x86_64 0.1.4 13.00 124.00 137.00 OK
r-patched-linux-x86_64 0.1.4 11.60 119.57 131.17 OK
r-release-linux-x86_64 0.1.4 11.20 123.21 134.41 OK
r-release-macos-arm64 0.1.4 86.00 OK
r-release-macos-x86_64 0.1.4 150.00 OK
r-release-windows-x86_64 0.1.4 13.00 124.00 137.00 OK
r-oldrel-macos-arm64 0.1.4 59.00 OK
r-oldrel-macos-x86_64 0.1.4 117.00 OK
r-oldrel-windows-x86_64 0.1.4 16.00 158.00 174.00 OK

Check Details

Version: 0.1.4
Check: CRAN incoming feasibility
Result: NOTE Maintainer: ‘Caspar J. van Lissa <c.j.vanlissa@gmail.com>’ No Authors@R field in DESCRIPTION. Please add one, modifying Authors@R: person(given = c("Caspar", "J."), family = "van Lissa", role = c("aut", "cre"), email = "c.j.vanlissa@gmail.com") as necessary. Flavors: r-devel-linux-x86_64-debian-clang, r-devel-linux-x86_64-debian-gcc

These binaries (installable software) and packages are in development.
They may not be fully stable and should be used with caution. We make no claims about them.