Last updated on 2025-11-14 09:50:07 CET.
| Flavor | Version | Tinstall | Tcheck | Ttotal | Status | Flags |
|---|---|---|---|---|---|---|
| r-devel-linux-x86_64-debian-clang | 0.7 | 11.98 | 109.65 | 121.63 | NOTE | |
| r-devel-linux-x86_64-debian-gcc | 0.7 | 9.22 | 91.52 | 100.74 | NOTE | |
| r-devel-linux-x86_64-fedora-clang | 0.7 | 24.00 | 166.85 | 190.85 | OK | |
| r-devel-linux-x86_64-fedora-gcc | 0.7 | 29.00 | 166.23 | 195.23 | OK | |
| r-devel-windows-x86_64 | 0.7 | 14.00 | 106.00 | 120.00 | OK | |
| r-patched-linux-x86_64 | 0.7 | 12.35 | 105.58 | 117.93 | OK | |
| r-release-linux-x86_64 | 0.7 | 11.61 | 103.33 | 114.94 | OK | |
| r-release-macos-arm64 | 0.7 | 19.00 | 99.00 | 118.00 | OK | |
| r-release-macos-x86_64 | 0.7 | 23.00 | 195.00 | 218.00 | OK | |
| r-release-windows-x86_64 | 0.7 | 14.00 | 105.00 | 119.00 | OK | |
| r-oldrel-macos-arm64 | 0.7 | 11.00 | 64.00 | 75.00 | OK | |
| r-oldrel-macos-x86_64 | 0.7 | 11.00 | 83.00 | 94.00 | OK | |
| r-oldrel-windows-x86_64 | 0.7 | 17.00 | 126.00 | 143.00 | OK |
Version: 0.7
Check: CRAN incoming feasibility
Result: NOTE
Maintainer: ‘Marc J. Lajeunesse <lajeunesse@usf.edu>’
Package CITATION file contains call(s) to old-style citEntry(). Please
use bibentry() instead.
Flavors: r-devel-linux-x86_64-debian-clang, r-devel-linux-x86_64-debian-gcc
These binaries (installable software) and packages are in development.
They may not be fully stable and should be used with caution. We make no claims about them.