Last updated on 2025-05-08 04:52:10 CEST.
Flavor | Version | Tinstall | Tcheck | Ttotal | Status | Flags |
---|---|---|---|---|---|---|
r-devel-linux-x86_64-debian-clang | 0.7 | 13.36 | 107.30 | 120.66 | NOTE | |
r-devel-linux-x86_64-debian-gcc | 0.7 | 9.54 | 81.18 | 90.72 | NOTE | |
r-devel-linux-x86_64-fedora-clang | 0.7 | 200.61 | OK | |||
r-devel-linux-x86_64-fedora-gcc | 0.7 | 197.49 | OK | |||
r-devel-windows-x86_64 | 0.7 | 13.00 | 105.00 | 118.00 | OK | |
r-patched-linux-x86_64 | 0.7 | 13.28 | 101.10 | 114.38 | OK | |
r-release-linux-x86_64 | 0.7 | 13.10 | 103.30 | 116.40 | OK | |
r-release-macos-arm64 | 0.7 | 118.00 | OK | |||
r-release-macos-x86_64 | 0.7 | 218.00 | OK | |||
r-release-windows-x86_64 | 0.7 | 14.00 | 105.00 | 119.00 | OK | |
r-oldrel-macos-arm64 | 0.7 | 75.00 | OK | |||
r-oldrel-macos-x86_64 | 0.7 | 94.00 | OK | |||
r-oldrel-windows-x86_64 | 0.7 | 17.00 | 128.00 | 145.00 | OK |
Version: 0.7
Check: CRAN incoming feasibility
Result: NOTE
Maintainer: ‘Marc J. Lajeunesse <lajeunesse@usf.edu>’
Package CITATION file contains call(s) to old-style citEntry(). Please
use bibentry() instead.
Flavors: r-devel-linux-x86_64-debian-clang, r-devel-linux-x86_64-debian-gcc
These binaries (installable software) and packages are in development.
They may not be fully stable and should be used with caution. We make no claims about them.