Last updated on 2025-11-11 15:50:39 CET.
| Flavor | Version | Tinstall | Tcheck | Ttotal | Status | Flags |
|---|---|---|---|---|---|---|
| r-devel-linux-x86_64-debian-clang | 2.0.0 | 5.14 | 54.18 | 59.32 | OK | |
| r-devel-linux-x86_64-debian-gcc | 2.0.0 | 3.38 | 35.51 | 38.89 | OK | |
| r-devel-linux-x86_64-fedora-clang | 2.0.0 | 11.00 | 80.01 | 91.01 | OK | |
| r-devel-linux-x86_64-fedora-gcc | 2.0.0 | 11.00 | 74.38 | 85.38 | OK | |
| r-devel-windows-x86_64 | 2.0.0 | 5.00 | 61.00 | 66.00 | OK | |
| r-patched-linux-x86_64 | 2.0.0 | 4.98 | 50.05 | 55.03 | OK | |
| r-release-linux-x86_64 | 2.0.0 | 4.82 | 49.42 | 54.24 | OK | |
| r-release-macos-arm64 | 2.0.0 | 2.00 | 20.00 | 22.00 | OK | |
| r-release-macos-x86_64 | 2.0.0 | 5.00 | 40.00 | 45.00 | OK | |
| r-release-windows-x86_64 | 2.0.0 | 5.00 | 60.00 | 65.00 | OK | |
| r-oldrel-macos-arm64 | 2.0.0 | 2.00 | 21.00 | 23.00 | NOTE | |
| r-oldrel-macos-x86_64 | 2.0.0 | 3.00 | 34.00 | 37.00 | NOTE | |
| r-oldrel-windows-x86_64 | 2.0.0 | 6.00 | 60.00 | 66.00 | NOTE |
Version: 2.0.0
Check: LazyData
Result: NOTE
'LazyData' is specified without a 'data' directory
Flavors: r-oldrel-macos-arm64, r-oldrel-macos-x86_64, r-oldrel-windows-x86_64
These binaries (installable software) and packages are in development.
They may not be fully stable and should be used with caution. We make no claims about them.