CRAN Package Check Results for Package metalite.table1

Last updated on 2025-05-03 22:49:59 CEST.

Flavor Version Tinstall Tcheck Ttotal Status Flags
r-devel-linux-x86_64-debian-clang 0.4.0 1.55 22.54 24.09 NOTE
r-devel-linux-x86_64-debian-gcc 0.4.0 1.53 18.43 19.96 NOTE
r-devel-linux-x86_64-fedora-clang 0.4.0 37.26 NOTE
r-devel-linux-x86_64-fedora-gcc 0.4.0 50.09 NOTE
r-devel-windows-x86_64 0.4.0 3.00 43.00 46.00 NOTE
r-patched-linux-x86_64 0.4.0 1.95 21.31 23.26 NOTE
r-release-linux-x86_64 NOTE
r-release-macos-arm64 0.4.0 23.00 NOTE
r-release-macos-x86_64 0.4.0 52.00 NOTE
r-release-windows-x86_64 0.4.0 4.00 43.00 47.00 NOTE
r-oldrel-macos-arm64 0.4.0 29.00 OK
r-oldrel-macos-x86_64 0.4.0 37.00 OK
r-oldrel-windows-x86_64 0.4.0 4.00 46.00 50.00 OK

Check Details

Version: 0.4.0
Check: DESCRIPTION meta-information
Result: NOTE Missing dependency on R >= 4.1.0 because package code uses the pipe |> or function shorthand \(...) syntax added in R 4.1.0. File(s) using such syntax: ‘metalite_table1_to_rtf.R’ Flavors: r-devel-linux-x86_64-debian-clang, r-devel-linux-x86_64-debian-gcc, r-devel-linux-x86_64-fedora-clang, r-devel-linux-x86_64-fedora-gcc, r-devel-windows-x86_64, r-patched-linux-x86_64, r-release-linux-x86_64, r-release-macos-arm64, r-release-macos-x86_64, r-release-windows-x86_64

These binaries (installable software) and packages are in development.
They may not be fully stable and should be used with caution. We make no claims about them.