CRAN Package Check Results for Package metalite.table1

Last updated on 2025-11-13 01:50:26 CET.

Flavor Version Tinstall Tcheck Ttotal Status Flags
r-devel-linux-x86_64-debian-clang 0.4.0 1.50 23.85 25.35 NOTE
r-devel-linux-x86_64-debian-gcc 0.4.0 1.46 20.04 21.50 NOTE
r-devel-linux-x86_64-fedora-clang 0.4.0 38.61 NOTE
r-devel-linux-x86_64-fedora-gcc 0.4.0 49.82 NOTE
r-devel-windows-x86_64 0.4.0 4.00 41.00 45.00 NOTE
r-patched-linux-x86_64 0.4.0 1.80 21.91 23.71 NOTE
r-release-linux-x86_64 0.4.0 1.87 21.74 23.61 NOTE
r-release-macos-arm64 0.4.0 1.00 22.00 23.00 NOTE
r-release-macos-x86_64 0.4.0 2.00 50.00 52.00 NOTE
r-release-windows-x86_64 0.4.0 4.00 42.00 46.00 NOTE
r-oldrel-macos-arm64 0.4.0 1.00 28.00 29.00 OK
r-oldrel-macos-x86_64 0.4.0 1.00 36.00 37.00 OK
r-oldrel-windows-x86_64 0.4.0 5.00 47.00 52.00 OK

Check Details

Version: 0.4.0
Check: DESCRIPTION meta-information
Result: NOTE Missing dependency on R >= 4.1.0 because package code uses the pipe |> or function shorthand \(...) syntax added in R 4.1.0. File(s) using such syntax: ‘metalite_table1_to_rtf.R’ Flavors: r-devel-linux-x86_64-debian-clang, r-devel-linux-x86_64-debian-gcc, r-devel-linux-x86_64-fedora-clang, r-devel-linux-x86_64-fedora-gcc, r-devel-windows-x86_64, r-patched-linux-x86_64, r-release-linux-x86_64, r-release-macos-arm64, r-release-macos-x86_64, r-release-windows-x86_64

These binaries (installable software) and packages are in development.
They may not be fully stable and should be used with caution. We make no claims about them.