CRAN Package Check Results for Package metalite.table1

Last updated on 2025-02-16 08:50:54 CET.

Flavor Version Tinstall Tcheck Ttotal Status Flags
r-devel-linux-x86_64-debian-clang 0.4.0 1.87 21.00 22.87 NOTE
r-devel-linux-x86_64-debian-gcc 0.4.0 1.42 17.35 18.77 NOTE
r-devel-linux-x86_64-fedora-clang 0.4.0 38.34 NOTE
r-devel-linux-x86_64-fedora-gcc 0.4.0 48.76 NOTE
r-devel-macos-arm64 0.4.0 23.00 OK
r-devel-macos-x86_64 0.4.0 47.00 NOTE
r-devel-windows-x86_64 0.4.0 3.00 44.00 47.00 NOTE
r-patched-linux-x86_64 0.4.0 1.92 20.30 22.22 OK
r-release-linux-x86_64 0.4.0 1.70 20.59 22.29 OK
r-release-macos-arm64 0.4.0 29.00 OK
r-release-macos-x86_64 0.4.0 37.00 OK
r-release-windows-x86_64 0.4.0 4.00 48.00 52.00 OK
r-oldrel-macos-arm64 0.4.0 26.00 OK
r-oldrel-macos-x86_64 0.4.0 41.00 OK
r-oldrel-windows-x86_64 0.4.0 4.00 50.00 54.00 OK

Check Details

Version: 0.4.0
Check: DESCRIPTION meta-information
Result: NOTE Missing dependency on R >= 4.1.0 because package code uses the pipe |> or function shorthand \(...) syntax added in R 4.1.0. File(s) using such syntax: ‘metalite_table1_to_rtf.R’ Flavors: r-devel-linux-x86_64-debian-clang, r-devel-linux-x86_64-debian-gcc, r-devel-linux-x86_64-fedora-clang, r-devel-linux-x86_64-fedora-gcc, r-devel-macos-x86_64, r-devel-windows-x86_64

These binaries (installable software) and packages are in development.
They may not be fully stable and should be used with caution. We make no claims about them.