Last updated on 2025-02-16 08:50:54 CET.
Flavor | Version | Tinstall | Tcheck | Ttotal | Status | Flags |
---|---|---|---|---|---|---|
r-devel-linux-x86_64-debian-clang | 1.1.1 | 3.63 | 109.10 | 112.73 | NOTE | |
r-devel-linux-x86_64-debian-gcc | 1.1.1 | 2.41 | 70.46 | 72.87 | NOTE | |
r-devel-linux-x86_64-fedora-clang | 1.1.1 | 201.28 | OK | |||
r-devel-linux-x86_64-fedora-gcc | 1.1.1 | 180.22 | OK | |||
r-devel-macos-arm64 | 1.1.1 | 57.00 | OK | |||
r-devel-macos-x86_64 | 1.1.1 | 108.00 | OK | |||
r-devel-windows-x86_64 | 1.1.1 | 5.00 | 127.00 | 132.00 | NOTE | |
r-patched-linux-x86_64 | 1.1.1 | 8.71 | 102.67 | 111.38 | OK | |
r-release-linux-x86_64 | 1.1.1 | 3.27 | 103.09 | 106.36 | OK | |
r-release-macos-arm64 | 1.1.1 | 50.00 | OK | |||
r-release-macos-x86_64 | 1.1.1 | 79.00 | OK | |||
r-release-windows-x86_64 | 1.1.1 | 4.00 | 128.00 | 132.00 | OK | |
r-oldrel-macos-arm64 | 1.1.1 | 54.00 | OK | |||
r-oldrel-macos-x86_64 | 1.1.1 | 123.00 | OK | |||
r-oldrel-windows-x86_64 | 1.1.1 | 6.00 | 154.00 | 160.00 | OK |
Version: 1.1.1
Check: Rd cross-references
Result: NOTE
Found the following Rd file(s) with Rd \link{} targets missing package
anchors:
metamedian-defunct.Rd: qe.fit, print.qe.fit
qe.Rd: qe.fit
qe.study.level.Rd: qe.fit
Please provide package anchors for all Rd \link{} targets not in the
package itself and the base packages.
Flavors: r-devel-linux-x86_64-debian-clang, r-devel-linux-x86_64-debian-gcc, r-devel-windows-x86_64
These binaries (installable software) and packages are in development.
They may not be fully stable and should be used with caution. We make no claims about them.