Last updated on 2025-05-01 08:52:38 CEST.
Flavor | Version | Tinstall | Tcheck | Ttotal | Status | Flags |
---|---|---|---|---|---|---|
r-devel-linux-x86_64-debian-clang | 1.2 | 12.30 | 157.68 | 169.98 | NOTE | |
r-devel-linux-x86_64-debian-gcc | 1.2 | 9.20 | 111.27 | 120.47 | OK | |
r-devel-linux-x86_64-fedora-clang | 1.2 | 280.24 | NOTE | |||
r-devel-linux-x86_64-fedora-gcc | 1.2 | 278.05 | NOTE | |||
r-devel-windows-x86_64 | 1.2 | 16.00 | 158.00 | 174.00 | OK | |
r-patched-linux-x86_64 | 1.2 | 11.73 | 147.83 | 159.56 | OK | |
r-release-linux-x86_64 | OK | |||||
r-release-macos-arm64 | 1.2 | 75.00 | OK | |||
r-release-macos-x86_64 | 1.2 | 140.00 | OK | |||
r-release-windows-x86_64 | 1.2 | 17.00 | 160.00 | 177.00 | OK | |
r-oldrel-macos-arm64 | 1.2 | 76.00 | OK | |||
r-oldrel-macos-x86_64 | 1.2 | 112.00 | OK | |||
r-oldrel-windows-x86_64 | 1.2 | 18.00 | 203.00 | 221.00 | OK |
Version: 1.2
Check: examples
Result: NOTE
Examples with CPU (user + system) or elapsed time > 5s
user system elapsed
taxa.compare 5.157 0.101 6.659
taxcomtab.show 5.153 0.044 6.375
taxtab6 5.107 0.033 6.198
Flavor: r-devel-linux-x86_64-debian-clang
Version: 1.2
Check: examples
Result: NA
user system elapsed
taxtab6 3.238 0.08 5.032
OK
Flavor: r-devel-linux-x86_64-debian-gcc
Version: 1.2
Check: dependencies in R code
Result: NOTE
Namespace in Imports field not imported from: ‘lmerTest’
All declared Imports should be used.
Flavors: r-devel-linux-x86_64-fedora-clang, r-devel-linux-x86_64-fedora-gcc
These binaries (installable software) and packages are in development.
They may not be fully stable and should be used with caution. We make no claims about them.