Last updated on 2025-05-01 12:49:33 CEST.
Flavor | Version | Tinstall | Tcheck | Ttotal | Status | Flags |
---|---|---|---|---|---|---|
r-devel-linux-x86_64-debian-clang | 0.7.0 | 9.26 | 156.13 | 165.39 | NOTE | |
r-devel-linux-x86_64-debian-gcc | 0.7.0 | 6.17 | 102.71 | 108.88 | OK | |
r-devel-linux-x86_64-fedora-clang | 0.7.0 | 245.94 | OK | |||
r-devel-linux-x86_64-fedora-gcc | 0.7.0 | 269.16 | OK | |||
r-devel-windows-x86_64 | 0.7.0 | 11.00 | 155.00 | 166.00 | OK | |
r-patched-linux-x86_64 | 0.7.0 | 8.23 | 150.26 | 158.49 | OK | |
r-release-linux-x86_64 | OK | |||||
r-release-macos-arm64 | 0.7.0 | 91.00 | OK | |||
r-release-macos-x86_64 | 0.7.0 | 173.00 | OK | |||
r-release-windows-x86_64 | 0.7.0 | 9.00 | 160.00 | 169.00 | OK | |
r-oldrel-macos-arm64 | 0.7.0 | 72.00 | OK | |||
r-oldrel-macos-x86_64 | 0.7.0 | 123.00 | OK | |||
r-oldrel-windows-x86_64 | 0.7.0 | 13.00 | 208.00 | 221.00 | OK |
Version: 0.7.0
Check: examples
Result: NOTE
Examples with CPU (user + system) or elapsed time > 5s
user system elapsed
diff_plot 3.239 0.114 5.16
Flavor: r-devel-linux-x86_64-debian-clang
These binaries (installable software) and packages are in development.
They may not be fully stable and should be used with caution. We make no claims about them.