Last updated on 2025-05-01 08:52:38 CEST.
Flavor | Version | Tinstall | Tcheck | Ttotal | Status | Flags |
---|---|---|---|---|---|---|
r-devel-linux-x86_64-debian-clang | 0.3 | 364.56 | 70.92 | 435.48 | OK | |
r-devel-linux-x86_64-debian-gcc | 0.3 | 263.23 | 53.49 | 316.72 | OK | |
r-devel-linux-x86_64-fedora-clang | 0.3 | 725.83 | OK | |||
r-devel-linux-x86_64-fedora-gcc | 0.3 | 839.97 | OK | |||
r-devel-windows-x86_64 | 0.3 | 387.00 | 125.00 | 512.00 | OK | |
r-patched-linux-x86_64 | 0.3 | 362.98 | 69.30 | 432.28 | OK | |
r-release-linux-x86_64 | OK | |||||
r-release-macos-arm64 | 0.3 | 152.00 | OK | |||
r-release-macos-x86_64 | 0.3 | 139.00 | OK | |||
r-release-windows-x86_64 | 0.3 | 378.00 | 131.00 | 509.00 | OK | |
r-oldrel-macos-arm64 | 0.3 | 138.00 | NOTE | |||
r-oldrel-macos-x86_64 | 0.3 | 121.00 | NOTE | |||
r-oldrel-windows-x86_64 | 0.3 | 414.00 | 145.00 | 559.00 | OK |
Version: 0.3
Check: installed package size
Result: NOTE
installed size is 20.4Mb
sub-directories of 1Mb or more:
libs 20.0Mb
Flavors: r-oldrel-macos-arm64, r-oldrel-macos-x86_64
These binaries (installable software) and packages are in development.
They may not be fully stable and should be used with caution. We make no claims about them.