CRAN Package Check Results for Package metaplot

Last updated on 2025-05-22 17:53:39 CEST.

Flavor Version Tinstall Tcheck Ttotal Status Flags
r-devel-linux-x86_64-debian-clang 0.8.4 8.37 92.26 100.63 NOTE
r-devel-linux-x86_64-debian-gcc 0.8.4 6.46 64.42 70.88 NOTE
r-devel-linux-x86_64-fedora-clang 0.8.4 166.84 OK
r-devel-linux-x86_64-fedora-gcc 0.8.4 152.74 OK
r-devel-windows-x86_64 0.8.4 12.00 107.00 119.00 OK
r-patched-linux-x86_64 0.8.4 11.28 87.11 98.39 OK
r-release-linux-x86_64 0.8.4 8.40 86.72 95.12 OK
r-release-macos-arm64 0.8.4 41.00 OK
r-release-macos-x86_64 0.8.4 82.00 OK
r-release-windows-x86_64 0.8.4 13.00 107.00 120.00 OK
r-oldrel-macos-arm64 0.8.4 42.00 OK
r-oldrel-macos-x86_64 0.8.4 67.00 OK
r-oldrel-windows-x86_64 0.8.4 15.00 131.00 146.00 OK

Check Details

Version: 0.8.4
Check: CRAN incoming feasibility
Result: NOTE Maintainer: ‘Tim Bergsma <bergsmat@gmail.com>’ No Authors@R field in DESCRIPTION. Please add one, modifying Authors@R: person(given = "Tim", family = "Bergsma", role = c("aut", "cre"), email = "bergsmat@gmail.com") as necessary. Flavors: r-devel-linux-x86_64-debian-clang, r-devel-linux-x86_64-debian-gcc

These binaries (installable software) and packages are in development.
They may not be fully stable and should be used with caution. We make no claims about them.