Last updated on 2025-10-03 15:49:54 CEST.
Flavor | Version | Tinstall | Tcheck | Ttotal | Status | Flags |
---|---|---|---|---|---|---|
r-devel-linux-x86_64-debian-clang | 0.2.2 | 7.69 | 89.97 | 97.66 | NOTE | |
r-devel-linux-x86_64-debian-gcc | 0.2.2 | 5.27 | 65.95 | 71.22 | NOTE | |
r-devel-linux-x86_64-fedora-clang | 0.2.2 | 144.71 | OK | |||
r-devel-linux-x86_64-fedora-gcc | 0.2.2 | 150.44 | OK | |||
r-devel-windows-x86_64 | 0.2.2 | 10.00 | 88.00 | 98.00 | OK | |
r-patched-linux-x86_64 | 0.2.2 | 7.13 | 84.40 | 91.53 | OK | |
r-release-linux-x86_64 | 0.2.2 | 6.42 | 85.15 | 91.57 | OK | |
r-release-macos-arm64 | 0.2.2 | 38.00 | OK | |||
r-release-macos-x86_64 | 0.2.2 | 74.00 | OK | |||
r-release-windows-x86_64 | 0.2.2 | 10.00 | 84.00 | 94.00 | OK | |
r-oldrel-macos-arm64 | 0.2.2 | 39.00 | NOTE | |||
r-oldrel-macos-x86_64 | 0.2.2 | 65.00 | NOTE | |||
r-oldrel-windows-x86_64 | 0.2.2 | 13.00 | 107.00 | 120.00 | NOTE |
Version: 0.2.2
Check: CRAN incoming feasibility
Result: NOTE
Maintainer: ‘Jason Griffin <jasongriffin138@gmail.com>’
Package CITATION file contains call(s) to old-style citEntry(). Please
use bibentry() instead.
Flavors: r-devel-linux-x86_64-debian-clang, r-devel-linux-x86_64-debian-gcc
Version: 0.2.2
Check: LazyData
Result: NOTE
'LazyData' is specified without a 'data' directory
Flavors: r-oldrel-macos-arm64, r-oldrel-macos-x86_64, r-oldrel-windows-x86_64
These binaries (installable software) and packages are in development.
They may not be fully stable and should be used with caution. We make no claims about them.