CRAN Package Check Results for Package metapro

Last updated on 2025-05-01 22:49:47 CEST.

Flavor Version Tinstall Tcheck Ttotal Status Flags
r-devel-linux-x86_64-debian-clang 1.5.11 9.22 77.74 86.96 NOTE
r-devel-linux-x86_64-debian-gcc 1.5.11 5.76 60.11 65.87 NOTE
r-devel-linux-x86_64-fedora-clang 1.5.11 139.05 OK
r-devel-linux-x86_64-fedora-gcc 1.5.11 128.08 OK
r-devel-windows-x86_64 1.5.11 11.00 84.00 95.00 OK
r-patched-linux-x86_64 1.5.11 9.53 75.11 84.64 OK
r-release-linux-x86_64 OK
r-release-macos-arm64 1.5.11 40.00 OK
r-release-macos-x86_64 1.5.11 82.00 OK
r-release-windows-x86_64 1.5.11 11.00 88.00 99.00 OK
r-oldrel-macos-arm64 1.5.11 36.00 OK
r-oldrel-macos-x86_64 1.5.11 58.00 OK
r-oldrel-windows-x86_64 1.5.11 10.00 104.00 114.00 OK

Check Details

Version: 1.5.11
Check: CRAN incoming feasibility
Result: NOTE Maintainer: ‘Sora Yoon <ysora90@gmail.com>’ No Authors@R field in DESCRIPTION. Please add one, modifying Authors@R: person(given = "Sora", family = "Yoon", role = c("aut", "cre"), email = "ysora90@gmail.com") as necessary. Flavors: r-devel-linux-x86_64-debian-clang, r-devel-linux-x86_64-debian-gcc

These binaries (installable software) and packages are in development.
They may not be fully stable and should be used with caution. We make no claims about them.