CRAN Package Check Results for Package metaprotr

Last updated on 2025-02-16 08:50:54 CET.

Flavor Version Tinstall Tcheck Ttotal Status Flags
r-devel-linux-x86_64-debian-clang 1.2.2 10.14 63.14 73.28 OK
r-devel-linux-x86_64-debian-gcc 1.2.2 6.78 41.98 48.76 OK
r-devel-linux-x86_64-fedora-clang 1.2.2 125.22 NOTE
r-devel-linux-x86_64-fedora-gcc 1.2.2 107.15 NOTE
r-devel-macos-arm64 1.2.2 35.00 OK
r-devel-macos-x86_64 1.2.2 56.00 OK
r-devel-windows-x86_64 1.2.2 11.00 76.00 87.00 OK
r-patched-linux-x86_64 1.2.2 7.63 57.91 65.54 OK
r-release-linux-x86_64 1.2.2 8.34 57.92 66.26 OK
r-release-macos-arm64 1.2.2 33.00 OK
r-release-macos-x86_64 1.2.2 47.00 OK
r-release-windows-x86_64 1.2.2 12.00 81.00 93.00 OK
r-oldrel-macos-arm64 1.2.2 36.00 OK
r-oldrel-macos-x86_64 1.2.2 56.00 OK
r-oldrel-windows-x86_64 1.2.2 14.00 88.00 102.00 OK

Check Details

Version: 1.2.2
Check: dependencies in R code
Result: NOTE Namespaces in Imports field not imported from: ‘ade4’ ‘dendextend’ ‘ggforce’ ‘ggrepel’ ‘stringr’ ‘tidyverse’ All declared Imports should be used. Flavors: r-devel-linux-x86_64-fedora-clang, r-devel-linux-x86_64-fedora-gcc

These binaries (installable software) and packages are in development.
They may not be fully stable and should be used with caution. We make no claims about them.