CRAN Package Check Results for Package metatest

Last updated on 2025-05-03 20:49:55 CEST.

Flavor Version Tinstall Tcheck Ttotal Status Flags
r-devel-linux-x86_64-debian-clang 1.0-5 1.82 20.80 22.62 NOTE
r-devel-linux-x86_64-debian-gcc 1.0-5 1.50 16.36 17.86 NOTE
r-devel-linux-x86_64-fedora-clang 1.0-5 35.05 OK
r-devel-linux-x86_64-fedora-gcc 1.0-5 33.35 OK
r-devel-windows-x86_64 1.0-5 3.00 40.00 43.00 OK
r-patched-linux-x86_64 1.0-5 1.92 19.88 21.80 OK
r-release-linux-x86_64 OK
r-release-macos-arm64 1.0-5 14.00 OK
r-release-macos-x86_64 1.0-5 25.00 OK
r-release-windows-x86_64 1.0-5 3.00 42.00 45.00 OK
r-oldrel-macos-arm64 1.0-5 14.00 OK
r-oldrel-macos-x86_64 1.0-5 22.00 OK
r-oldrel-windows-x86_64 1.0-5 2.00 39.00 41.00 OK

Check Details

Version: 1.0-5
Check: CRAN incoming feasibility
Result: NOTE Maintainer: ‘Ingmar Visser <i.visser@uva.nl>’ No Authors@R field in DESCRIPTION. Please add one, modifying Authors@R: c(person(given = c("Hilde", "M.", "Huizenga", "&", "Ingmar"), family = "Visser", role = "aut"), person(given = "Ingmar", family = "Visser", role = "cre", email = "i.visser@uva.nl")) as necessary. Package CITATION file contains call(s) to old-style personList() or as.personList(). Please use c() on person objects instead. Package CITATION file contains call(s) to old-style citEntry(). Please use bibentry() instead. Flavors: r-devel-linux-x86_64-debian-clang, r-devel-linux-x86_64-debian-gcc

These binaries (installable software) and packages are in development.
They may not be fully stable and should be used with caution. We make no claims about them.