Last updated on 2025-05-01 15:49:36 CEST.
Flavor | Version | Tinstall | Tcheck | Ttotal | Status | Flags |
---|---|---|---|---|---|---|
r-devel-linux-x86_64-debian-clang | 1.1.0 | 20.49 | 728.55 | 749.04 | NOTE | |
r-devel-linux-x86_64-debian-gcc | 1.1.0 | 14.23 | 393.83 | 408.06 | OK | |
r-devel-linux-x86_64-fedora-clang | 1.1.0 | 1231.50 | NOTE | |||
r-devel-linux-x86_64-fedora-gcc | 1.1.0 | 1109.96 | NOTE | |||
r-devel-windows-x86_64 | 1.1.0 | 19.00 | 570.00 | 589.00 | OK | |
r-patched-linux-x86_64 | 1.1.0 | 19.51 | 693.96 | 713.47 | OK | |
r-release-linux-x86_64 | OK | |||||
r-release-macos-arm64 | 1.1.0 | 247.00 | OK | |||
r-release-macos-x86_64 | 1.1.0 | 407.00 | OK | |||
r-release-windows-x86_64 | 1.1.0 | 19.00 | 569.00 | 588.00 | OK | |
r-oldrel-macos-arm64 | 1.1.0 | 211.00 | OK | |||
r-oldrel-macos-x86_64 | 1.1.0 | 486.00 | OK | |||
r-oldrel-windows-x86_64 | 1.1.0 | 26.00 | 867.00 | 893.00 | OK |
Version: 1.1.0
Check: examples
Result: NOTE
Examples with CPU (user + system) or elapsed time > 5s
user system elapsed
forest.umbrella 3.855 0.024 5.818
forest 3.781 0.030 5.010
overlap.prim 3.622 0.056 5.634
drop.evidence 3.405 0.057 5.330
subset.umbrella 3.290 0.047 5.047
summary.umbrella 3.335 0.000 5.140
Flavor: r-devel-linux-x86_64-debian-clang
Version: 1.1.0
Check: dependencies in R code
Result: NOTE
Namespace in Imports field not imported from: ‘pwr’
All declared Imports should be used.
Flavors: r-devel-linux-x86_64-fedora-clang, r-devel-linux-x86_64-fedora-gcc
These binaries (installable software) and packages are in development.
They may not be fully stable and should be used with caution. We make no claims about them.