Last updated on 2025-07-16 15:49:31 CEST.
Flavor | Version | Tinstall | Tcheck | Ttotal | Status | Flags |
---|---|---|---|---|---|---|
r-devel-linux-x86_64-debian-clang | 2.1.5 | 6.41 | 78.97 | 85.38 | NOTE | |
r-devel-linux-x86_64-debian-gcc | 2.1.5 | 4.59 | 53.19 | 57.78 | NOTE | |
r-devel-linux-x86_64-fedora-clang | 2.1.5 | 133.75 | OK | |||
r-devel-linux-x86_64-fedora-gcc | 2.1.5 | 124.15 | OK | |||
r-devel-windows-x86_64 | 2.1.5 | 8.00 | 86.00 | 94.00 | OK | |
r-patched-linux-x86_64 | 2.1.5 | 6.83 | 72.51 | 79.34 | OK | |
r-release-linux-x86_64 | 2.1.5 | 6.61 | 72.82 | 79.43 | OK | |
r-release-macos-arm64 | 2.1.5 | 34.00 | OK | |||
r-release-macos-x86_64 | 2.1.5 | 81.00 | OK | |||
r-release-windows-x86_64 | 2.1.5 | 8.00 | 87.00 | 95.00 | OK | |
r-oldrel-macos-arm64 | 2.1.5 | 31.00 | OK | |||
r-oldrel-macos-x86_64 | 2.1.5 | 69.00 | OK | |||
r-oldrel-windows-x86_64 | 2.1.5 | 11.00 | 112.00 | 123.00 | OK |
Version: 2.1.5
Check: CRAN incoming feasibility
Result: NOTE
Maintainer: ‘Min Lu <m.lu6@umiami.edu>’
No Authors@R field in DESCRIPTION.
Please add one, modifying
Authors@R: person(given = "Min",
family = "Lu",
role = c("aut", "cre"),
email = "m.lu6@umiami.edu")
as necessary.
The BugReports field in DESCRIPTION has
https://github.com/luminwin/metavcov/issues/new
which should likely be
https://github.com/luminwin/metavcov/issues/new/issues
instead.
Flavors: r-devel-linux-x86_64-debian-clang, r-devel-linux-x86_64-debian-gcc
These binaries (installable software) and packages are in development.
They may not be fully stable and should be used with caution. We make no claims about them.