CRAN Package Check Results for Package meteo

Last updated on 2025-05-01 08:52:38 CEST.

Flavor Version Tinstall Tcheck Ttotal Status Flags
r-devel-linux-x86_64-debian-clang 2.0-3 48.20 404.62 452.82 NOTE
r-devel-linux-x86_64-debian-gcc 2.0-3 31.41 269.71 301.12 NOTE
r-devel-linux-x86_64-fedora-clang 2.0-3 700.59 OK
r-devel-linux-x86_64-fedora-gcc 2.0-3 681.14 OK
r-devel-windows-x86_64 2.0-3 42.00 328.00 370.00 OK
r-patched-linux-x86_64 2.0-3 45.12 377.61 422.73 NOTE
r-release-linux-x86_64 NOTE
r-release-macos-arm64 2.0-3 157.00 OK
r-release-macos-x86_64 2.0-3 351.00 OK
r-release-windows-x86_64 2.0-3 44.00 334.00 378.00 OK
r-oldrel-macos-arm64 2.0-3 86.00 OK
r-oldrel-macos-x86_64 2.0-3 258.00 OK
r-oldrel-windows-x86_64 2.0-3 59.00 443.00 502.00 OK

Check Details

Version: 2.0-3
Check: examples
Result: NOTE Examples with CPU (user + system) or elapsed time > 5s user system elapsed cv.strk 5.369 0.249 7.152 Flavor: r-devel-linux-x86_64-debian-clang

Version: 2.0-3
Check: for unstated dependencies in ‘demo’
Result: NOTE 'library' or 'require' call not declared from: ‘xts’ Flavors: r-devel-linux-x86_64-debian-clang, r-devel-linux-x86_64-debian-gcc, r-patched-linux-x86_64, r-release-linux-x86_64

These binaries (installable software) and packages are in development.
They may not be fully stable and should be used with caution. We make no claims about them.