Last updated on 2025-02-16 08:50:54 CET.
Flavor | Version | Tinstall | Tcheck | Ttotal | Status | Flags |
---|---|---|---|---|---|---|
r-devel-linux-x86_64-debian-clang | 0.56 | 26.78 | 237.35 | 264.13 | NOTE | |
r-devel-linux-x86_64-debian-gcc | 0.56 | 18.60 | 152.80 | 171.40 | NOTE | |
r-devel-linux-x86_64-fedora-clang | 0.56 | 452.81 | OK | |||
r-devel-linux-x86_64-fedora-gcc | 0.56 | 395.69 | OK | |||
r-devel-macos-arm64 | 0.56 | 83.00 | OK | |||
r-devel-macos-x86_64 | 0.56 | 189.00 | OK | |||
r-devel-windows-x86_64 | 0.56 | 24.00 | 181.00 | 205.00 | NOTE | |
r-patched-linux-x86_64 | 0.56 | 30.36 | 223.24 | 253.60 | OK | |
r-release-linux-x86_64 | 0.56 | 24.86 | 222.42 | 247.28 | OK | |
r-release-macos-arm64 | 0.56 | 84.00 | OK | |||
r-release-macos-x86_64 | 0.56 | 145.00 | OK | |||
r-release-windows-x86_64 | 0.56 | 23.00 | 187.00 | 210.00 | OK | |
r-oldrel-macos-arm64 | 0.56 | 90.00 | OK | |||
r-oldrel-macos-x86_64 | 0.56 | 171.00 | OK | |||
r-oldrel-windows-x86_64 | 0.56 | 33.00 | 248.00 | 281.00 | OK |
Version: 0.56
Check: Rd cross-references
Result: NOTE
Found the following Rd file(s) with Rd \link{} targets missing package
anchors:
getRaster.Rd: Extent, extent, getZ
meteo-package.Rd: raster, zoo
Please provide package anchors for all Rd \link{} targets not in the
package itself and the base packages.
Flavors: r-devel-linux-x86_64-debian-clang, r-devel-linux-x86_64-debian-gcc, r-devel-windows-x86_64
These binaries (installable software) and packages are in development.
They may not be fully stable and should be used with caution. We make no claims about them.