Last updated on 2024-07-27 15:50:25 CEST.
Flavor | Version | Tinstall | Tcheck | Ttotal | Status | Flags |
---|---|---|---|---|---|---|
r-devel-linux-x86_64-debian-clang | 0.56 | 28.37 | 300.69 | 329.06 | OK | |
r-devel-linux-x86_64-debian-gcc | 0.56 | NOTE | ||||
r-devel-linux-x86_64-fedora-clang | 0.56 | 442.05 | OK | |||
r-devel-linux-x86_64-fedora-gcc | 0.56 | 389.81 | OK | |||
r-devel-windows-x86_64 | 0.56 | 24.00 | 175.00 | 199.00 | NOTE | |
r-patched-linux-x86_64 | 0.56 | OK | ||||
r-release-linux-x86_64 | 0.56 | 29.21 | 286.57 | 315.78 | OK | |
r-release-macos-arm64 | 0.56 | 84.00 | OK | |||
r-release-macos-x86_64 | 0.56 | 145.00 | OK | |||
r-release-windows-x86_64 | 0.56 | 23.00 | 179.00 | 202.00 | OK | |
r-oldrel-macos-arm64 | 0.56 | 90.00 | OK | |||
r-oldrel-macos-x86_64 | 0.56 | 171.00 | OK | |||
r-oldrel-windows-x86_64 | 0.56 | 31.00 | 238.00 | 269.00 | OK |
Version: 0.56
Check: Rd cross-references
Result: NOTE
Found the following Rd file(s) with Rd \link{} targets missing package
anchors:
getRaster.Rd: Extent, extent, getZ
meteo-package.Rd: raster, zoo
Please provide package anchors for all Rd \link{} targets not in the
package itself and the base packages.
Flavors: r-devel-linux-x86_64-debian-gcc, r-devel-windows-x86_64
These binaries (installable software) and packages are in development.
They may not be fully stable and should be used with caution. We make no claims about them.