Last updated on 2025-05-01 08:52:38 CEST.
Flavor | Version | Tinstall | Tcheck | Ttotal | Status | Flags |
---|---|---|---|---|---|---|
r-devel-linux-x86_64-debian-clang | 0.1.1 | 33.58 | 182.62 | 216.20 | NOTE | |
r-devel-linux-x86_64-debian-gcc | 0.1.1 | 26.56 | 123.47 | 150.03 | NOTE | |
r-devel-linux-x86_64-fedora-clang | 0.1.1 | 322.35 | NOTE | |||
r-devel-linux-x86_64-fedora-gcc | 0.1.1 | 563.86 | NOTE | |||
r-devel-windows-x86_64 | 0.1.1 | 40.00 | 212.00 | 252.00 | NOTE | |
r-patched-linux-x86_64 | 0.1.1 | 35.03 | 188.44 | 223.47 | NOTE | |
r-release-linux-x86_64 | NOTE | |||||
r-release-macos-arm64 | 0.1.1 | 111.00 | NOTE | |||
r-release-macos-x86_64 | 0.1.1 | 167.00 | NOTE | |||
r-release-windows-x86_64 | 0.1.1 | 41.00 | 198.00 | 239.00 | NOTE | |
r-oldrel-macos-arm64 | 0.1.1 | 98.00 | NOTE | |||
r-oldrel-macos-x86_64 | 0.1.1 | 146.00 | NOTE | |||
r-oldrel-windows-x86_64 | 0.1.1 | 46.00 | 239.00 | 285.00 | NOTE |
Version: 0.1.1
Check: CRAN incoming feasibility
Result: NOTE
Maintainer: ‘Florian Lecocq <florian.lecocq@outlook.com>’
Package CITATION file contains call(s) to old-style personList() or
as.personList(). Please use c() on person objects instead.
Package CITATION file contains call(s) to old-style citEntry(). Please
use bibentry() instead.
The Description field contains
<arXiv:1506.06707>. Chamroukhi F. (2015)
Please refer to arXiv e-prints via their arXiv DOI <doi:10.48550/arXiv.YYMM.NNNNN>.
Flavors: r-devel-linux-x86_64-debian-clang, r-devel-linux-x86_64-debian-gcc
Version: 0.1.1
Check: C++ specification
Result: NOTE
Specified C++11: please drop specification unless essential
Flavors: r-devel-linux-x86_64-debian-clang, r-devel-linux-x86_64-debian-gcc, r-devel-linux-x86_64-fedora-clang, r-devel-linux-x86_64-fedora-gcc, r-devel-windows-x86_64, r-patched-linux-x86_64, r-release-linux-x86_64, r-release-macos-arm64, r-release-macos-x86_64, r-release-windows-x86_64, r-oldrel-macos-arm64, r-oldrel-macos-x86_64, r-oldrel-windows-x86_64
Version: 0.1.1
Check: examples
Result: NOTE
Examples with CPU (user + system) or elapsed time > 5s
user system elapsed
ModelStMoE-class 5.089 0.004 6.251
emStMoE 4.440 0.001 5.035
emSNMoE 4.129 0.012 5.268
Flavor: r-devel-linux-x86_64-debian-clang
Version: 0.1.1
Check: installed package size
Result: NOTE
installed size is 7.3Mb
sub-directories of 1Mb or more:
doc 2.3Mb
help 2.0Mb
libs 2.6Mb
Flavors: r-oldrel-macos-arm64, r-oldrel-macos-x86_64, r-oldrel-windows-x86_64
These binaries (installable software) and packages are in development.
They may not be fully stable and should be used with caution. We make no claims about them.