Last updated on 2025-07-02 03:50:45 CEST.
Flavor | Version | Tinstall | Tcheck | Ttotal | Status | Flags |
---|---|---|---|---|---|---|
r-devel-linux-x86_64-debian-clang | 0.2.0 | 3.53 | 61.69 | 65.22 | NOTE | |
r-devel-linux-x86_64-debian-gcc | 0.2.1 | 2.99 | 48.36 | 51.35 | OK | |
r-devel-linux-x86_64-fedora-clang | 0.2.0 | 108.20 | NOTE | |||
r-devel-linux-x86_64-fedora-gcc | 0.2.1 | 119.18 | OK | |||
r-devel-windows-x86_64 | 0.2.0 | 6.00 | 80.00 | 86.00 | NOTE | |
r-patched-linux-x86_64 | NOTE | |||||
r-release-linux-x86_64 | 0.2.0 | 3.68 | 58.00 | 61.68 | NOTE | |
r-release-macos-arm64 | 0.2.0 | 44.00 | NOTE | |||
r-release-macos-x86_64 | 0.2.1 | 85.00 | OK | |||
r-release-windows-x86_64 | 0.2.0 | 7.00 | 76.00 | 83.00 | NOTE | |
r-oldrel-macos-arm64 | 0.2.0 | 49.00 | OK | |||
r-oldrel-macos-x86_64 | 0.2.1 | 91.00 | OK | |||
r-oldrel-windows-x86_64 | 0.2.1 | 9.00 | 93.00 | 102.00 | OK |
Version: 0.2.0
Check: DESCRIPTION meta-information
Result: NOTE
Missing dependency on R >= 4.1.0 because package code uses the pipe
|> or function shorthand \(...) syntax added in R 4.1.0.
File(s) using such syntax:
‘aemet_helpers.R’ ‘meteocat_helpers.R’ ‘meteoclimatic_helpers.R’
‘meteogalicia_helpers.R’ ‘ria_helpers.R’ ‘utils.R’
Flavors: r-devel-linux-x86_64-debian-clang, r-devel-linux-x86_64-fedora-clang, r-devel-windows-x86_64, r-patched-linux-x86_64, r-release-linux-x86_64, r-release-macos-arm64, r-release-windows-x86_64
These binaries (installable software) and packages are in development.
They may not be fully stable and should be used with caution. We make no claims about them.