CRAN Package Check Results for Package metools

Last updated on 2025-05-24 07:49:30 CEST.

Flavor Version Tinstall Tcheck Ttotal Status Flags
r-devel-linux-x86_64-debian-clang 1.0.0 3.50 43.01 46.51 OK
r-devel-linux-x86_64-debian-gcc 1.0.0 2.75 30.74 33.49 OK
r-devel-linux-x86_64-fedora-clang 1.0.0 78.04 OK
r-devel-linux-x86_64-fedora-gcc 1.0.0 69.87 OK
r-devel-windows-x86_64 1.0.0 7.00 68.00 75.00 OK
r-patched-linux-x86_64 1.0.0 3.66 41.72 45.38 OK
r-release-linux-x86_64 1.0.0 3.38 40.26 43.64 OK
r-release-macos-arm64 1.0.0 23.00 OK
r-release-macos-x86_64 1.0.0 46.00 OK
r-release-windows-x86_64 1.0.0 6.00 78.00 84.00 OK
r-oldrel-macos-arm64 1.0.0 24.00 NOTE
r-oldrel-macos-x86_64 1.0.0 43.00 NOTE
r-oldrel-windows-x86_64 1.0.0 7.00 78.00 85.00 NOTE

Check Details

Version: 1.0.0
Check: LazyData
Result: NOTE 'LazyData' is specified without a 'data' directory Flavors: r-oldrel-macos-arm64, r-oldrel-macos-x86_64, r-oldrel-windows-x86_64

These binaries (installable software) and packages are in development.
They may not be fully stable and should be used with caution. We make no claims about them.