Last updated on 2024-07-27 15:50:25 CEST.
Flavor | Version | Tinstall | Tcheck | Ttotal | Status | Flags |
---|---|---|---|---|---|---|
r-devel-linux-x86_64-debian-clang | 0.9.3 | 5.88 | 53.16 | 59.04 | OK | |
r-devel-linux-x86_64-debian-gcc | 0.9.3 | OK | ||||
r-devel-linux-x86_64-fedora-clang | 0.9.3 | 74.82 | NOTE | |||
r-devel-linux-x86_64-fedora-gcc | 0.9.3 | 69.39 | NOTE | |||
r-devel-windows-x86_64 | 0.9.3 | 7.00 | 72.00 | 79.00 | OK | |
r-patched-linux-x86_64 | 0.9.3 | OK | ||||
r-release-linux-x86_64 | 0.9.3 | 5.36 | 50.12 | 55.48 | OK | |
r-release-macos-arm64 | 0.9.3 | 32.00 | OK | |||
r-release-macos-x86_64 | 0.9.3 | 43.00 | OK | |||
r-release-windows-x86_64 | 0.9.3 | 6.00 | 71.00 | 77.00 | OK | |
r-oldrel-macos-arm64 | 0.9.3 | 34.00 | OK | |||
r-oldrel-macos-x86_64 | 0.9.3 | 55.00 | OK | |||
r-oldrel-windows-x86_64 | 0.9.3 | 7.00 | 77.00 | 84.00 | OK |
Version: 0.9.3
Check: data for non-ASCII characters
Result: NOTE
Note: found 1 marked UTF-8 string
Flavors: r-devel-linux-x86_64-fedora-clang, r-devel-linux-x86_64-fedora-gcc
These binaries (installable software) and packages are in development.
They may not be fully stable and should be used with caution. We make no claims about them.