Last updated on 2025-10-23 21:51:32 CEST.
Flavor | Version | Tinstall | Tcheck | Ttotal | Status | Flags |
---|---|---|---|---|---|---|
r-devel-linux-x86_64-debian-clang | 1.3.7 | 272.33 | 504.85 | 777.18 | NOTE | |
r-devel-linux-x86_64-debian-gcc | 1.3.8 | 189.05 | 385.42 | 574.47 | OK | |
r-devel-linux-x86_64-fedora-clang | 1.3.8 | 780.00 | 562.40 | 1342.40 | OK | |
r-devel-linux-x86_64-fedora-gcc | 1.3.8 | 960.00 | 423.12 | 1383.12 | OK | |
r-devel-windows-x86_64 | 1.3.7 | 292.00 | 528.00 | 820.00 | OK | |
r-patched-linux-x86_64 | 1.3.8 | 281.63 | 489.73 | 771.36 | OK | |
r-release-linux-x86_64 | 1.3.7 | 278.40 | 483.53 | 761.93 | OK | |
r-release-macos-arm64 | 1.3.8 | 102.00 | 212.00 | 314.00 | OK | |
r-release-macos-x86_64 | 1.3.8 | 144.00 | 557.00 | 701.00 | OK | |
r-release-windows-x86_64 | 1.3.7 | 300.00 | 520.00 | 820.00 | OK | |
r-oldrel-macos-arm64 | 1.3.8 | 98.00 | 217.00 | 315.00 | NOTE | |
r-oldrel-macos-x86_64 | 1.3.8 | 141.00 | 549.00 | 690.00 | NOTE | |
r-oldrel-windows-x86_64 | 1.3.7 | 352.00 | 663.00 | 1015.00 | NOTE |
Version: 1.3.7
Check: HTML version of manual
Result: NOTE
Found the following HTML validation problems:
predict.phreg.html:102:1 (predict.phreg.Rd:63): Warning: missing </ul> before </div>
predictRisk.binreg.html:63:1 (predictRisk.binreg.Rd:22): Warning: missing </ul> before </div>
rchazC.html:54:1 (rchazC.Rd:14): Warning: missing </ul> before </div>
rpch.html:54:1 (rpch.Rd:15): Warning: missing </ul> before </div>
Flavor: r-devel-linux-x86_64-debian-clang
Version: 1.3.8
Check: installed package size
Result: NOTE
installed size is 28.9Mb
sub-directories of 1Mb or more:
R 2.0Mb
doc 3.4Mb
libs 21.4Mb
Flavors: r-oldrel-macos-arm64, r-oldrel-macos-x86_64
Version: 1.3.7
Check: installed package size
Result: NOTE
installed size is 9.6Mb
sub-directories of 1Mb or more:
R 1.8Mb
doc 3.5Mb
libs 2.3Mb
Flavor: r-oldrel-windows-x86_64
These binaries (installable software) and packages are in development.
They may not be fully stable and should be used with caution. We make no claims about them.