Last updated on 2025-02-19 16:50:56 CET.
Flavor | Version | Tinstall | Tcheck | Ttotal | Status | Flags |
---|---|---|---|---|---|---|
r-devel-linux-x86_64-debian-clang | 1.3.5 | 279.19 | 498.66 | 777.85 | OK | |
r-devel-linux-x86_64-debian-gcc | 1.3.5 | 199.92 | 350.59 | 550.51 | OK | |
r-devel-linux-x86_64-fedora-clang | 1.3.5 | 1282.84 | OK | |||
r-devel-linux-x86_64-fedora-gcc | 1.3.5 | 1439.81 | OK | |||
r-devel-macos-arm64 | 1.3.5 | 385.00 | OK | |||
r-devel-macos-x86_64 | 1.3.5 | 673.00 | OK | |||
r-devel-windows-x86_64 | 1.3.5 | 267.00 | 494.00 | 761.00 | OK | |
r-patched-linux-x86_64 | 1.3.5 | 280.60 | 474.79 | 755.39 | OK | |
r-release-linux-x86_64 | 1.3.5 | 282.30 | 467.26 | 749.56 | OK | |
r-release-macos-arm64 | 1.3.5 | 321.00 | NOTE | |||
r-release-macos-x86_64 | 1.3.5 | 645.00 | NOTE | |||
r-release-windows-x86_64 | 1.3.5 | 265.00 | 494.00 | 759.00 | NOTE | |
r-oldrel-macos-arm64 | 1.3.5 | 324.00 | NOTE | |||
r-oldrel-macos-x86_64 | 1.3.5 | 602.00 | NOTE | |||
r-oldrel-windows-x86_64 | 1.3.5 | 330.00 | 621.00 | 951.00 | NOTE |
Version: 1.3.5
Check: installed package size
Result: NOTE
installed size is 29.0Mb
sub-directories of 1Mb or more:
R 2.0Mb
doc 3.6Mb
libs 21.4Mb
Flavors: r-release-macos-arm64, r-release-macos-x86_64, r-release-windows-x86_64, r-oldrel-macos-arm64, r-oldrel-macos-x86_64, r-oldrel-windows-x86_64
These binaries (installable software) and packages are in development.
They may not be fully stable and should be used with caution. We make no claims about them.