Last updated on 2025-02-16 08:50:54 CET.
Flavor | Version | Tinstall | Tcheck | Ttotal | Status | Flags |
---|---|---|---|---|---|---|
r-devel-linux-x86_64-debian-clang | 1.17 | 101.13 | 163.58 | 264.71 | OK | |
r-devel-linux-x86_64-debian-gcc | 1.17 | 71.54 | 107.92 | 179.46 | OK | |
r-devel-linux-x86_64-fedora-clang | 1.17 | 477.96 | OK | |||
r-devel-linux-x86_64-fedora-gcc | 1.17 | 466.95 | OK | |||
r-devel-macos-arm64 | 1.17 | 97.00 | OK | |||
r-devel-macos-x86_64 | 1.17 | 181.00 | OK | |||
r-devel-windows-x86_64 | 1.17 | 101.00 | 187.00 | 288.00 | OK | |
r-patched-linux-x86_64 | 1.17 | 106.63 | 157.75 | 264.38 | NOTE | |
r-release-linux-x86_64 | 1.17 | 98.04 | 152.85 | 250.89 | NOTE | |
r-release-macos-arm64 | 1.17 | 129.00 | NOTE | |||
r-release-macos-x86_64 | 1.17 | 319.00 | NOTE | |||
r-release-windows-x86_64 | 1.17 | 102.00 | 189.00 | 291.00 | OK | |
r-oldrel-macos-arm64 | 1.17 | 113.00 | NOTE | |||
r-oldrel-macos-x86_64 | 1.17 | 281.00 | NOTE | |||
r-oldrel-windows-x86_64 | 1.17 | 128.00 | 247.00 | 375.00 | OK |
Version: 1.17
Check: package dependencies
Result: NOTE
Package suggested but not available for checking: ‘mvPot’
Flavors: r-patched-linux-x86_64, r-release-linux-x86_64
Version: 1.17
Check: installed package size
Result: NOTE
installed size is 9.5Mb
sub-directories of 1Mb or more:
data 1.1Mb
libs 6.5Mb
Flavors: r-release-macos-arm64, r-release-macos-x86_64, r-oldrel-macos-arm64, r-oldrel-macos-x86_64
These binaries (installable software) and packages are in development.
They may not be fully stable and should be used with caution. We make no claims about them.