Last updated on 2025-10-23 21:51:32 CEST.
Flavor | Version | Tinstall | Tcheck | Ttotal | Status | Flags |
---|---|---|---|---|---|---|
r-devel-linux-x86_64-debian-clang | 1.17 | 110.13 | 181.90 | 292.03 | NOTE | |
r-devel-linux-x86_64-debian-gcc | 2.0 | 67.86 | 133.93 | 201.79 | OK | |
r-devel-linux-x86_64-fedora-clang | 2.0 | 286.00 | 286.61 | 572.61 | OK | |
r-devel-linux-x86_64-fedora-gcc | 2.0 | 197.00 | 348.19 | 545.19 | OK | |
r-devel-windows-x86_64 | 1.17 | 109.00 | 193.00 | 302.00 | OK | |
r-patched-linux-x86_64 | 1.17 | 106.10 | 166.98 | 273.08 | OK | |
r-release-linux-x86_64 | 1.17 | 107.27 | 170.87 | 278.14 | OK | |
r-release-macos-arm64 | 2.0 | 41.00 | 74.00 | 115.00 | OK | |
r-release-macos-x86_64 | 2.0 | 105.00 | 225.00 | 330.00 | OK | |
r-release-windows-x86_64 | 1.17 | 110.00 | 197.00 | 307.00 | OK | |
r-oldrel-macos-arm64 | 2.0 | 42.00 | 77.00 | 119.00 | NOTE | |
r-oldrel-macos-x86_64 | 2.0 | 93.00 | 243.00 | 336.00 | NOTE | |
r-oldrel-windows-x86_64 | 1.17 | 139.00 | 249.00 | 388.00 | OK |
Version: 1.17
Check: HTML version of manual
Result: NOTE
Found the following HTML validation problems:
Lambda2cov.html:60:1 (Lambda2cov.Rd:16): Warning: missing </ul> before </div>
dot-exp_info_algebraic.html:58:1 (dot-exp_info_algebraic.Rd:16): Warning: missing </ul> before </div>
dot-score_algebraic.html:62:1 (dot-score_algebraic.Rd:18): Warning: missing </ul> before </div>
egp-function.html:77:1 (egp-function.Rd:31): Warning: missing </ul> before </div>
gev.infomat.html:58:1 (gev.infomat.Rd:16): Warning: missing </ul> before </div>
gev.score.html:50:1 (gev.score.Rd:12): Warning: missing </ul> before </div>
gp.fit.html:78:1 (gp.fit.Rd:30): Warning: missing </ul> before </div>
Flavor: r-devel-linux-x86_64-debian-clang
Version: 2.0
Check: installed package size
Result: NOTE
installed size is 11.6Mb
sub-directories of 1Mb or more:
R 2.0Mb
data 1.2Mb
libs 7.3Mb
Flavors: r-oldrel-macos-arm64, r-oldrel-macos-x86_64
These binaries (installable software) and packages are in development.
They may not be fully stable and should be used with caution. We make no claims about them.