CRAN Package Check Results for Package mewAvg

Last updated on 2025-10-09 21:50:22 CEST.

Flavor Version Tinstall Tcheck Ttotal Status Flags
r-devel-linux-x86_64-debian-clang 0.3.1 3.89 23.44 27.33 NOTE
r-devel-linux-x86_64-debian-gcc 0.3.1 3.02 19.91 22.93 NOTE
r-devel-linux-x86_64-fedora-clang 0.3.1 41.64 OK
r-devel-linux-x86_64-fedora-gcc 0.3.1 38.45 OK
r-devel-windows-x86_64 0.3.1 8.00 51.00 59.00 OK
r-patched-linux-x86_64 0.3.1 3.62 22.38 26.00 OK
r-release-linux-x86_64 0.3.1 3.16 22.35 25.51 OK
r-release-macos-arm64 0.3.1 26.00 OK
r-release-macos-x86_64 0.3.1 30.00 OK
r-release-windows-x86_64 0.3.1 9.00 57.00 66.00 OK
r-oldrel-macos-arm64 0.3.1 18.00 OK
r-oldrel-macos-x86_64 0.3.1 26.00 OK
r-oldrel-windows-x86_64 0.3.1 7.00 50.00 57.00 OK

Check Details

Version: 0.3.1
Check: CRAN incoming feasibility
Result: NOTE Maintainer: ‘Adam L. Pintar <adam.pintar@nist.gov>’ No Authors@R field in DESCRIPTION. Please add one, modifying Authors@R: c(person(given = c("Adam", "L."), family = "Pintar", role = c("aut", "cre"), email = "adam.pintar@nist.gov"), person(given = c("Zachary", "H."), family = "Levine", role = "aut")) as necessary. Flavors: r-devel-linux-x86_64-debian-clang, r-devel-linux-x86_64-debian-gcc

These binaries (installable software) and packages are in development.
They may not be fully stable and should be used with caution. We make no claims about them.