Last updated on 2025-11-13 15:51:16 CET.
| Flavor | Version | Tinstall | Tcheck | Ttotal | Status | Flags |
|---|---|---|---|---|---|---|
| r-devel-linux-x86_64-debian-clang | 2.6 | 29.52 | 89.45 | 118.97 | NOTE | |
| r-devel-linux-x86_64-debian-gcc | 2.6 | 21.11 | 63.15 | 84.26 | NOTE | |
| r-devel-linux-x86_64-fedora-clang | 2.6 | 200.00 | 2.33 | 202.33 | OK | |
| r-devel-linux-x86_64-fedora-gcc | 2.6 | 227.00 | -24.87 | 202.13 | OK | |
| r-devel-windows-x86_64 | 2.6 | 52.00 | 111.00 | 163.00 | OK | |
| r-patched-linux-x86_64 | 2.6 | 30.49 | 85.61 | 116.10 | OK | |
| r-release-linux-x86_64 | 2.6 | 27.93 | 86.79 | 114.72 | OK | |
| r-release-macos-arm64 | 2.6 | 14.00 | 39.00 | 53.00 | OK | |
| r-release-macos-x86_64 | 2.6 | 18.00 | 72.00 | 90.00 | OK | |
| r-release-windows-x86_64 | 2.6 | 52.00 | 111.00 | 163.00 | OK | |
| r-oldrel-macos-arm64 | 2.6 | 14.00 | 39.00 | 53.00 | OK | |
| r-oldrel-macos-x86_64 | 2.6 | 23.00 | 92.00 | 115.00 | OK | |
| r-oldrel-windows-x86_64 | 2.6 | 61.00 | 137.00 | 198.00 | OK |
Version: 2.6
Check: CRAN incoming feasibility
Result: NOTE
Maintainer: ‘Hadrien Charvat <h.charvat.ef@juntendo.ac.jp>’
No Authors@R field in DESCRIPTION.
Please add one, modifying
Authors@R: c(person(given = "Hadrien",
family = "Charvat",
role = c("aut", "cre"),
email = "h.charvat.ef@juntendo.ac.jp"),
person(given = "Aurelien",
family = "Belot",
role = "aut"),
person(given = "Juste",
family = "Goungounga",
role = "aut"))
as necessary.
Flavors: r-devel-linux-x86_64-debian-clang, r-devel-linux-x86_64-debian-gcc
These binaries (installable software) and packages are in development.
They may not be fully stable and should be used with caution. We make no claims about them.