Last updated on 2025-10-24 03:50:36 CEST.
| Flavor | Version | Tinstall | Tcheck | Ttotal | Status | Flags |
|---|---|---|---|---|---|---|
| r-devel-linux-x86_64-debian-clang | 2.6 | 26.28 | 89.40 | 115.68 | NOTE | |
| r-devel-linux-x86_64-debian-gcc | 2.6 | 22.84 | 63.87 | 86.71 | NOTE | |
| r-devel-linux-x86_64-fedora-clang | 2.6 | 152.00 | 31.18 | 183.18 | OK | |
| r-devel-linux-x86_64-fedora-gcc | 2.6 | 67.00 | 113.50 | 180.50 | OK | |
| r-devel-windows-x86_64 | 2.6 | 50.00 | 110.00 | 160.00 | OK | |
| r-patched-linux-x86_64 | 2.6 | 27.45 | 86.28 | 113.73 | OK | |
| r-release-linux-x86_64 | 2.6 | 28.12 | 86.37 | 114.49 | OK | |
| r-release-macos-arm64 | 2.6 | 14.00 | 39.00 | 53.00 | OK | |
| r-release-macos-x86_64 | 2.6 | 18.00 | 72.00 | 90.00 | OK | |
| r-release-windows-x86_64 | 2.6 | 52.00 | 113.00 | 165.00 | OK | |
| r-oldrel-macos-arm64 | 2.6 | 14.00 | 39.00 | 53.00 | OK | |
| r-oldrel-macos-x86_64 | 2.6 | 23.00 | 92.00 | 115.00 | OK | |
| r-oldrel-windows-x86_64 | 2.6 | 58.00 | 143.00 | 201.00 | OK |
Version: 2.6
Check: CRAN incoming feasibility
Result: NOTE
Maintainer: ‘Hadrien Charvat <h.charvat.ef@juntendo.ac.jp>’
No Authors@R field in DESCRIPTION.
Please add one, modifying
Authors@R: c(person(given = "Hadrien",
family = "Charvat",
role = c("aut", "cre"),
email = "h.charvat.ef@juntendo.ac.jp"),
person(given = "Aurelien",
family = "Belot",
role = "aut"),
person(given = "Juste",
family = "Goungounga",
role = "aut"))
as necessary.
Flavors: r-devel-linux-x86_64-debian-clang, r-devel-linux-x86_64-debian-gcc
These binaries (installable software) and packages are in development.
They may not be fully stable and should be used with caution. We make no claims about them.