Last updated on 2025-07-26 07:50:27 CEST.
Flavor | Version | Tinstall | Tcheck | Ttotal | Status | Flags |
---|---|---|---|---|---|---|
r-devel-linux-x86_64-debian-clang | 0.2.1 | 25.87 | 157.67 | 183.54 | NOTE | |
r-devel-linux-x86_64-debian-gcc | 0.2.1 | 18.44 | 108.43 | 126.87 | NOTE | |
r-devel-linux-x86_64-fedora-clang | 0.2.1 | 289.62 | NOTE | |||
r-devel-linux-x86_64-fedora-gcc | 0.2.1 | 318.36 | NOTE | |||
r-devel-windows-x86_64 | 0.2.1 | 34.00 | 217.00 | 251.00 | NOTE | |
r-patched-linux-x86_64 | 0.2.1 | 26.20 | 158.46 | 184.66 | NOTE | |
r-release-linux-x86_64 | 0.2.1 | 29.38 | 154.08 | 183.46 | NOTE | |
r-release-macos-arm64 | 0.2.1 | 98.00 | NOTE | |||
r-release-macos-x86_64 | 0.2.1 | 176.00 | NOTE | |||
r-release-windows-x86_64 | 0.2.1 | 33.00 | 207.00 | 240.00 | NOTE | |
r-oldrel-macos-arm64 | 0.2.1 | 88.00 | NOTE | |||
r-oldrel-macos-x86_64 | 0.2.1 | 130.00 | NOTE | |||
r-oldrel-windows-x86_64 | 0.2.1 | 38.00 | 274.00 | 312.00 | NOTE |
Version: 0.2.1
Check: CRAN incoming feasibility
Result: NOTE
Maintainer: ‘Onno Kleen <r@onnokleen.de>’
Package CITATION file contains call(s) to old-style personList() or
as.personList(). Please use c() on person objects instead.
Package CITATION file contains call(s) to old-style citEntry(). Please
use bibentry() instead.
Flavors: r-devel-linux-x86_64-debian-clang, r-devel-linux-x86_64-debian-gcc
Version: 0.2.1
Check: package subdirectories
Result: NOTE
Problems with news in ‘NEWS.md’:
No news entries found.
Flavors: r-devel-linux-x86_64-debian-clang, r-devel-linux-x86_64-debian-gcc, r-devel-linux-x86_64-fedora-clang, r-devel-linux-x86_64-fedora-gcc, r-devel-windows-x86_64, r-patched-linux-x86_64, r-release-linux-x86_64, r-release-macos-arm64, r-release-macos-x86_64, r-release-windows-x86_64, r-oldrel-macos-arm64, r-oldrel-macos-x86_64, r-oldrel-windows-x86_64
These binaries (installable software) and packages are in development.
They may not be fully stable and should be used with caution. We make no claims about them.