Last updated on 2025-11-11 15:50:39 CET.
| Flavor | Version | Tinstall | Tcheck | Ttotal | Status | Flags |
|---|---|---|---|---|---|---|
| r-devel-linux-x86_64-debian-clang | 7.3-1 | 7.21 | 133.20 | 140.41 | NOTE | |
| r-devel-linux-x86_64-debian-gcc | 7.3-1 | 4.09 | 98.33 | 102.42 | NOTE | |
| r-devel-linux-x86_64-fedora-clang | 7.3-1 | 26.00 | 185.88 | 211.88 | OK | |
| r-devel-linux-x86_64-fedora-gcc | 7.3-1 | 14.00 | 194.87 | 208.87 | OK | |
| r-devel-windows-x86_64 | 7.3-1 | 9.00 | 129.00 | 138.00 | OK | |
| r-patched-linux-x86_64 | 7.3-1 | 7.85 | 125.31 | 133.16 | NOTE | |
| r-release-linux-x86_64 | 7.3-1 | 5.96 | 128.54 | 134.50 | NOTE | |
| r-release-macos-arm64 | 7.3-1 | 4.00 | 74.00 | 78.00 | OK | |
| r-release-macos-x86_64 | 7.3-1 | 6.00 | 125.00 | 131.00 | OK | |
| r-release-windows-x86_64 | 7.3-1 | 9.00 | 131.00 | 140.00 | OK | |
| r-oldrel-macos-arm64 | 7.3-1 | 3.00 | 59.00 | 62.00 | OK | |
| r-oldrel-macos-x86_64 | 7.3-1 | 5.00 | 85.00 | 90.00 | OK | |
| r-oldrel-windows-x86_64 | 7.3-1 | 12.00 | 177.00 | 189.00 | OK |
Version: 7.3-1
Check: for unstated dependencies in ‘demo’
Result: NOTE
'library' or 'require' call not declared from: ‘tibble’
Flavors: r-devel-linux-x86_64-debian-clang, r-devel-linux-x86_64-debian-gcc, r-patched-linux-x86_64, r-release-linux-x86_64
These binaries (installable software) and packages are in development.
They may not be fully stable and should be used with caution. We make no claims about them.